CRAN Package Check Results for Package mp

Last updated on 2022-07-05 11:49:58 CEST.

Flavor Version Tinstall Tcheck Ttotal Status Flags
r-devel-linux-x86_64-debian-clang 0.4.1 63.26 29.10 92.36 OK
r-devel-linux-x86_64-debian-gcc 0.4.1 42.96 22.78 65.74 OK
r-devel-linux-x86_64-fedora-clang 0.4.1 148.07 NOTE
r-devel-linux-x86_64-fedora-gcc 0.4.1 126.30 NOTE
r-devel-windows-x86_64 0.4.1 52.00 77.00 129.00 OK
r-patched-linux-x86_64 0.4.1 52.93 28.85 81.78 OK
r-release-linux-x86_64 0.4.1 53.32 28.64 81.96 OK
r-release-macos-arm64 0.4.1 35.00 OK
r-release-macos-x86_64 0.4.1 45.00 OK
r-release-windows-x86_64 0.4.1 59.00 76.00 135.00 OK
r-oldrel-macos-arm64 0.4.1 37.00 OK
r-oldrel-macos-x86_64 0.4.1 66.00 OK
r-oldrel-windows-ix86+x86_64 0.4.1 156.00 70.00 226.00 OK

Check Details

Version: 0.4.1
Check: Rd cross-references
Result: NOTE
    Undeclared package ‘proxy’ in Rd xrefs
Flavor: r-devel-linux-x86_64-fedora-clang

Version: 0.4.1
Check: compiled code
Result: NOTE
    File ‘mp/libs/mp.so’:
     Found no calls to: ‘R_registerRoutines’, ‘R_useDynamicSymbols’
    
    It is good practice to register native routines and to disable symbol
    search.
    
    See ‘Writing portable packages’ in the ‘Writing R Extensions’ manual.
Flavors: r-devel-linux-x86_64-fedora-clang, r-devel-linux-x86_64-fedora-gcc