Last updated on 2023-12-03 11:50:42 CET.
Flavor | Version | Tinstall | Tcheck | Ttotal | Status | Flags |
---|---|---|---|---|---|---|
r-devel-linux-x86_64-debian-clang | 0.2-7 | 4.23 | 134.31 | 138.54 | NOTE | |
r-devel-linux-x86_64-debian-gcc | 0.2-7 | 3.87 | 95.26 | 99.13 | NOTE | |
r-devel-linux-x86_64-fedora-clang | 0.2-7 | 169.97 | NOTE | |||
r-devel-linux-x86_64-fedora-gcc | 0.2-7 | 172.05 | NOTE | |||
r-devel-windows-x86_64 | 0.2-7 | 8.00 | 136.00 | 144.00 | NOTE | |
r-patched-linux-x86_64 | 0.2-7 | 3.78 | 129.08 | 132.86 | NOTE | |
r-release-linux-x86_64 | 0.2-7 | 4.90 | 125.82 | 130.72 | NOTE | |
r-release-macos-arm64 | 0.2-7 | 103.00 | NOTE | |||
r-release-macos-x86_64 | 0.2-7 | 157.00 | NOTE | |||
r-release-windows-x86_64 | 0.2-7 | 10.00 | 157.00 | 167.00 | NOTE | |
r-oldrel-macos-arm64 | 0.2-7 | 90.00 | NOTE | |||
r-oldrel-macos-x86_64 | 0.2-7 | 153.00 | NOTE | |||
r-oldrel-windows-x86_64 | 0.2-7 | 10.00 | 148.00 | 158.00 | NOTE |
Version: 0.2-7
Check: package dependencies
Result: NOTE
Package suggested but not available for checking: ‘corpus.useR.2008.abstracts’
Flavors: r-devel-linux-x86_64-debian-clang, r-devel-linux-x86_64-debian-gcc, r-devel-linux-x86_64-fedora-clang, r-devel-linux-x86_64-fedora-gcc, r-devel-windows-x86_64, r-patched-linux-x86_64, r-release-linux-x86_64, r-release-macos-arm64, r-release-macos-x86_64, r-release-windows-x86_64, r-oldrel-macos-arm64, r-oldrel-macos-x86_64, r-oldrel-windows-x86_64