Last updated on 2024-04-23 10:54:09 CEST.
Flavor | Version | Tinstall | Tcheck | Ttotal | Status | Flags |
---|---|---|---|---|---|---|
r-devel-linux-x86_64-debian-clang | 3.2.3 | 125.84 | 103.44 | 229.28 | OK | |
r-devel-linux-x86_64-debian-gcc | 3.2.3 | 95.46 | 77.36 | 172.82 | OK | |
r-devel-linux-x86_64-fedora-clang | 3.2.3 | 346.08 | OK | |||
r-devel-linux-x86_64-fedora-gcc | 3.2.3 | 347.14 | OK | |||
r-prerel-macos-arm64 | 3.2.3 | 79.00 | NOTE | |||
r-prerel-windows-x86_64 | 3.2.3 | 105.00 | 124.00 | 229.00 | OK | |
r-patched-linux-x86_64 | 3.2.3 | 131.08 | 102.88 | 233.96 | OK | |
r-release-linux-x86_64 | 3.2.3 | 88.55 | 102.78 | 191.33 | OK | |
r-release-macos-arm64 | 3.2.3 | 71.00 | NOTE | |||
r-release-macos-x86_64 | 3.2.3 | 116.00 | NOTE | |||
r-release-windows-x86_64 | 3.2.3 | 128.00 | 158.00 | 286.00 | OK | |
r-oldrel-macos-arm64 | 3.2.3 | 81.00 | NOTE | |||
r-oldrel-windows-x86_64 | 3.2.3 | 118.00 | 140.00 | 258.00 | OK |
Version: 3.2.3
Check: installed package size
Result: NOTE
installed size is 6.4Mb
sub-directories of 1Mb or more:
data 3.0Mb
libs 2.6Mb
Flavors: r-prerel-macos-arm64, r-release-macos-arm64, r-release-macos-x86_64, r-oldrel-macos-arm64