CRAN Package Check Results for Package mousetrap

Last updated on 2024-07-15 12:52:16 CEST.

Flavor Version Tinstall Tcheck Ttotal Status Flags
r-devel-linux-x86_64-debian-clang 3.2.3 124.62 107.18 231.80 OK
r-devel-linux-x86_64-debian-gcc 3.2.3 85.04 77.07 162.11 OK
r-devel-linux-x86_64-fedora-clang 3.2.3 333.70 OK
r-devel-linux-x86_64-fedora-gcc 3.2.3 328.40 OK
r-devel-windows-x86_64 3.2.3 99.00 133.00 232.00 OK
r-patched-linux-x86_64 3.2.3 104.48 103.76 208.24 OK
r-release-linux-x86_64 3.2.3 71.89 99.49 171.38 OK
r-release-macos-arm64 3.2.3 79.00 NOTE
r-release-macos-x86_64 3.2.3 84.00 NOTE
r-release-windows-x86_64 3.2.3 101.00 132.00 233.00 OK
r-oldrel-macos-arm64 3.2.3 71.00 NOTE
r-oldrel-macos-x86_64 3.2.3 116.00 NOTE
r-oldrel-windows-x86_64 3.2.3 125.00 159.00 284.00 OK

Check Details

Version: 3.2.3
Check: installed package size
Result: NOTE installed size is 6.4Mb sub-directories of 1Mb or more: data 3.0Mb libs 2.6Mb Flavors: r-release-macos-arm64, r-release-macos-x86_64, r-oldrel-macos-arm64, r-oldrel-macos-x86_64