Last updated on 2023-09-25 12:01:45 CEST.
Flavor | Version | Tinstall | Tcheck | Ttotal | Status | Flags |
---|---|---|---|---|---|---|
r-devel-linux-x86_64-debian-clang | 3.2.1 | 130.83 | 114.06 | 244.89 | OK | |
r-devel-linux-x86_64-debian-gcc | 3.2.1 | 87.37 | 83.57 | 170.94 | OK | |
r-devel-linux-x86_64-fedora-clang | 3.2.1 | 342.78 | OK | |||
r-devel-linux-x86_64-fedora-gcc | 3.2.1 | 325.45 | OK | |||
r-devel-windows-x86_64 | 3.2.1 | 99.00 | 140.00 | 239.00 | OK | |
r-patched-linux-x86_64 | 3.2.1 | 92.22 | 109.90 | 202.12 | OK | |
r-release-linux-x86_64 | 3.2.1 | 89.69 | 107.97 | 197.66 | OK | |
r-release-macos-arm64 | 3.2.1 | 83.00 | NOTE | |||
r-release-macos-x86_64 | 3.2.1 | 137.00 | NOTE | |||
r-release-windows-x86_64 | 3.2.1 | 126.00 | 165.00 | 291.00 | OK | |
r-oldrel-macos-arm64 | 3.2.1 | 79.00 | NOTE | |||
r-oldrel-macos-x86_64 | 3.2.1 | 134.00 | NOTE | |||
r-oldrel-windows-x86_64 | 3.2.1 | 115.00 | 152.00 | 267.00 | OK |
Version: 3.2.1
Check: installed package size
Result: NOTE
installed size is 5.9Mb
sub-directories of 1Mb or more:
data 2.3Mb
libs 2.7Mb
Flavors: r-release-macos-arm64, r-release-macos-x86_64, r-oldrel-macos-arm64, r-oldrel-macos-x86_64
Version: 3.2.1
Check: package dependencies
Result: NOTE
Package suggested but not available for checking: ‘readbulk’
Flavor: r-oldrel-macos-x86_64
Version: 3.2.1
Check: Rd cross-references
Result: NOTE
Package unavailable to check Rd xrefs: ‘readbulk’
Flavor: r-oldrel-macos-x86_64