Last updated on 2024-03-28 09:51:49 CET.
Flavor | Version | Tinstall | Tcheck | Ttotal | Status | Flags |
---|---|---|---|---|---|---|
r-devel-linux-x86_64-debian-clang | 1.9.1 | 31.51 | 439.00 | 470.51 | OK | |
r-devel-linux-x86_64-debian-gcc | 1.9.1 | 24.94 | 323.89 | 348.83 | OK | |
r-devel-linux-x86_64-fedora-clang | 1.9.1 | 636.91 | NOTE | |||
r-devel-linux-x86_64-fedora-gcc | 1.9.1 | 631.55 | OK | |||
r-devel-windows-x86_64 | 1.9.1 | 26.00 | 335.00 | 361.00 | OK | |
r-patched-linux-x86_64 | 1.9.1 | 40.11 | 435.37 | 475.48 | OK | |
r-release-linux-x86_64 | 1.9.1 | 27.42 | 435.01 | 462.43 | OK | |
r-release-macos-arm64 | 1.9.1 | 146.00 | OK | |||
r-release-macos-x86_64 | 1.9.1 | 235.00 | OK | |||
r-release-windows-x86_64 | 1.9.1 | 34.00 | 449.00 | 483.00 | OK | |
r-oldrel-macos-arm64 | 1.9.1 | 131.00 | OK | |||
r-oldrel-windows-x86_64 | 1.9.1 | 34.00 | 419.00 | 453.00 | OK |
Version: 1.9.1
Check: Rd cross-references
Result: NOTE
Undeclared package ‘cubature’ in Rd xrefs
Flavor: r-devel-linux-x86_64-fedora-clang