Last updated on 2022-06-26 11:52:37 CEST.
Flavor | Version | Tinstall | Tcheck | Ttotal | Status | Flags |
---|---|---|---|---|---|---|
r-devel-linux-x86_64-debian-clang | 0.0.2 | 1.99 | 25.88 | 27.87 | NOTE | |
r-devel-linux-x86_64-debian-gcc | 0.0.2 | 1.41 | 20.49 | 21.90 | NOTE | |
r-devel-linux-x86_64-fedora-clang | 0.0.2 | 45.31 | NOTE | |||
r-devel-linux-x86_64-fedora-gcc | 0.0.2 | 43.82 | NOTE | |||
r-devel-windows-x86_64 | 0.0.2 | 15.00 | 67.00 | 82.00 | NOTE | |
r-patched-linux-x86_64 | 0.0.2 | 1.52 | 25.72 | 27.24 | NOTE | |
r-release-linux-x86_64 | 0.0.2 | 2.11 | 25.83 | 27.94 | NOTE | |
r-release-macos-arm64 | 0.0.2 | 34.00 | NOTE | |||
r-release-macos-x86_64 | 0.0.2 | 44.00 | NOTE | |||
r-release-windows-x86_64 | 0.0.2 | 11.00 | 65.00 | 76.00 | NOTE | |
r-oldrel-macos-arm64 | 0.0.2 | 41.00 | NOTE | |||
r-oldrel-macos-x86_64 | 0.0.2 | 46.00 | NOTE | |||
r-oldrel-windows-ix86+x86_64 | 0.0.2 | 5.00 | 48.00 | 53.00 | NOTE |
Version: 0.0.2
Check: LazyData
Result: NOTE
'LazyData' is specified without a 'data' directory
Flavors: r-devel-linux-x86_64-debian-clang, r-devel-linux-x86_64-debian-gcc, r-devel-linux-x86_64-fedora-clang, r-devel-linux-x86_64-fedora-gcc, r-devel-windows-x86_64, r-patched-linux-x86_64, r-release-linux-x86_64, r-release-macos-arm64, r-release-macos-x86_64, r-release-windows-x86_64, r-oldrel-macos-arm64, r-oldrel-macos-x86_64, r-oldrel-windows-ix86+x86_64