Last updated on 2022-06-26 11:52:37 CEST.
Flavor | Version | Tinstall | Tcheck | Ttotal | Status | Flags |
---|---|---|---|---|---|---|
r-devel-linux-x86_64-debian-clang | 0.2.2 | 5.96 | 38.64 | 44.60 | OK | |
r-devel-linux-x86_64-debian-gcc | 0.2.2 | 4.17 | 30.90 | 35.07 | OK | |
r-devel-linux-x86_64-fedora-clang | 0.2.2 | 65.88 | NOTE | |||
r-devel-linux-x86_64-fedora-gcc | 0.2.2 | 61.57 | OK | |||
r-devel-windows-x86_64 | 0.2.2 | 38.00 | 67.00 | 105.00 | NOTE | |
r-patched-linux-x86_64 | 0.2.2 | 4.61 | 38.13 | 42.74 | OK | |
r-release-linux-x86_64 | 0.2.2 | 4.62 | 38.05 | 42.67 | OK | |
r-release-macos-arm64 | 0.2.2 | 22.00 | NOTE | |||
r-release-macos-x86_64 | 0.2.2 | 32.00 | NOTE | |||
r-release-windows-x86_64 | 0.2.2 | 40.00 | 66.00 | 106.00 | NOTE | |
r-oldrel-macos-arm64 | 0.2.2 | 21.00 | NOTE | |||
r-oldrel-macos-x86_64 | 0.2.2 | 34.00 | NOTE | |||
r-oldrel-windows-ix86+x86_64 | 0.2.2 | 13.00 | 60.00 | 73.00 | NOTE |
Version: 0.2.2
Check: installed package size
Result: NOTE
installed size is 14.9Mb
sub-directories of 1Mb or more:
htmlwidgets 14.7Mb
Flavors: r-devel-linux-x86_64-fedora-clang, r-devel-windows-x86_64, r-release-macos-arm64, r-release-macos-x86_64, r-release-windows-x86_64, r-oldrel-macos-arm64, r-oldrel-macos-x86_64, r-oldrel-windows-ix86+x86_64