Last updated on 2022-06-30 11:53:13 CEST.
Flavor | Version | Tinstall | Tcheck | Ttotal | Status | Flags |
---|---|---|---|---|---|---|
r-devel-linux-x86_64-debian-clang | 1.5.4 | 129.23 | 323.69 | 452.92 | OK | |
r-devel-linux-x86_64-debian-gcc | 1.5.4 | 111.16 | 233.84 | 345.00 | OK | |
r-devel-linux-x86_64-fedora-clang | 1.5.4 | 588.54 | NOTE | |||
r-devel-linux-x86_64-fedora-gcc | 1.5.4 | 558.55 | OK | |||
r-devel-windows-x86_64 | 1.5.4 | 207.00 | 357.00 | 564.00 | OK | |
r-patched-linux-x86_64 | 1.5.4 | 125.60 | 307.97 | 433.57 | OK | |
r-release-linux-x86_64 | 1.5.4 | 103.53 | 305.41 | 408.94 | OK | |
r-release-macos-arm64 | 1.5.4 | 213.00 | NOTE | |||
r-release-macos-x86_64 | 1.5.4 | 261.00 | NOTE | |||
r-release-windows-x86_64 | 1.5.4 | 212.00 | 345.00 | 557.00 | OK | |
r-oldrel-macos-arm64 | 1.5.4 | 226.00 | NOTE | |||
r-oldrel-macos-x86_64 | 1.5.4 | 194.00 | NOTE | |||
r-oldrel-windows-ix86+x86_64 | 1.5.4 | 290.00 | 459.00 | 749.00 | NOTE |
Version: 1.5.4
Check: installed package size
Result: NOTE
installed size is 6.7Mb
sub-directories of 1Mb or more:
R 1.2Mb
doc 1.7Mb
libs 3.1Mb
Flavors: r-devel-linux-x86_64-fedora-clang, r-release-macos-arm64, r-release-macos-x86_64, r-oldrel-macos-arm64, r-oldrel-macos-x86_64, r-oldrel-windows-ix86+x86_64