Last updated on 2024-03-28 09:51:49 CET.
Flavor | Version | Tinstall | Tcheck | Ttotal | Status | Flags |
---|---|---|---|---|---|---|
r-devel-linux-x86_64-debian-clang | 5.3 | 17.66 | 263.86 | 281.52 | NOTE | |
r-devel-linux-x86_64-debian-gcc | 5.3 | 12.96 | 186.15 | 199.11 | NOTE | |
r-devel-linux-x86_64-fedora-clang | 5.3 | 337.69 | NOTE | |||
r-devel-linux-x86_64-fedora-gcc | 5.3 | 342.52 | NOTE | |||
r-devel-windows-x86_64 | 5.3 | 15.00 | 189.00 | 204.00 | OK | |
r-patched-linux-x86_64 | 5.3 | 14.74 | 245.86 | 260.60 | NOTE | |
r-release-linux-x86_64 | 5.3 | 11.86 | 258.71 | 270.57 | NOTE | |
r-release-macos-arm64 | 5.3 | 102.00 | OK | |||
r-release-macos-x86_64 | 5.3 | 142.00 | OK | |||
r-release-windows-x86_64 | 5.3 | 21.00 | 245.00 | 266.00 | OK | |
r-oldrel-macos-arm64 | 5.3 | 71.00 | OK | |||
r-oldrel-windows-x86_64 | 5.3 | 22.00 | 257.00 | 279.00 | OK |
Version: 5.3
Check: package dependencies
Result: NOTE
Package suggested but not available for checking: ‘rglwidget’
Flavors: r-devel-linux-x86_64-debian-clang, r-devel-linux-x86_64-debian-gcc, r-devel-linux-x86_64-fedora-clang, r-devel-linux-x86_64-fedora-gcc, r-patched-linux-x86_64, r-release-linux-x86_64