CRAN Package Check Results for Package mojson

Last updated on 2024-02-26 12:54:29 CET.

Flavor Version Tinstall Tcheck Ttotal Status Flags
r-devel-linux-x86_64-debian-clang 0.1 6.40 49.34 55.74 NOTE
r-devel-linux-x86_64-debian-gcc 0.1 3.95 37.14 41.09 NOTE
r-devel-linux-x86_64-fedora-clang 0.1 66.50 NOTE
r-devel-linux-x86_64-fedora-gcc 0.1 73.73 NOTE
r-devel-windows-x86_64 0.1 6.00 56.00 62.00 NOTE
r-patched-linux-x86_64 0.1 4.65 46.20 50.85 NOTE
r-release-linux-x86_64 0.1 3.84 45.98 49.82 NOTE
r-release-macos-arm64 0.1 30.00 NOTE
r-release-macos-x86_64 0.1 43.00 NOTE
r-release-windows-x86_64 0.1 8.00 64.00 72.00 NOTE
r-oldrel-macos-arm64 0.1 28.00 NOTE
r-oldrel-windows-x86_64 0.1 8.00 70.00 78.00 NOTE

Check Details

Version: 0.1
Check: LazyData
Result: NOTE 'LazyData' is specified without a 'data' directory Flavors: r-devel-linux-x86_64-debian-clang, r-devel-linux-x86_64-debian-gcc, r-devel-linux-x86_64-fedora-clang, r-devel-linux-x86_64-fedora-gcc, r-devel-windows-x86_64, r-patched-linux-x86_64, r-release-linux-x86_64, r-release-macos-arm64, r-release-macos-x86_64, r-release-windows-x86_64, r-oldrel-macos-arm64, r-oldrel-windows-x86_64