Last updated on 2024-04-26 12:54:42 CEST.
Flavor | Version | Tinstall | Tcheck | Ttotal | Status | Flags |
---|---|---|---|---|---|---|
r-devel-linux-x86_64-debian-clang | 0.1 | 7.02 | 48.76 | 55.78 | NOTE | |
r-devel-linux-x86_64-debian-gcc | 0.1 | 5.11 | 36.60 | 41.71 | NOTE | |
r-devel-linux-x86_64-fedora-clang | 0.1 | 67.81 | NOTE | |||
r-devel-linux-x86_64-fedora-gcc | 0.1 | 75.67 | NOTE | |||
r-devel-windows-x86_64 | 0.1 | 6.00 | 56.00 | 62.00 | NOTE | |
r-patched-linux-x86_64 | 0.1 | 3.70 | 44.55 | 48.25 | NOTE | |
r-release-linux-x86_64 | 0.1 | 3.83 | 45.70 | 49.53 | NOTE | |
r-release-macos-arm64 | 0.1 | 31.00 | NOTE | |||
r-release-windows-x86_64 | 0.1 | 6.00 | 54.00 | 60.00 | NOTE | |
r-oldrel-macos-arm64 | 0.1 | 30.00 | NOTE | |||
r-oldrel-macos-x86_64 | 0.1 | 43.00 | NOTE | |||
r-oldrel-windows-x86_64 | 0.1 | 8.00 | 62.00 | 70.00 | NOTE |
Version: 0.1
Check: LazyData
Result: NOTE
'LazyData' is specified without a 'data' directory
Flavors: r-devel-linux-x86_64-debian-clang, r-devel-linux-x86_64-debian-gcc, r-devel-linux-x86_64-fedora-clang, r-devel-linux-x86_64-fedora-gcc, r-devel-windows-x86_64, r-patched-linux-x86_64, r-release-linux-x86_64, r-release-macos-arm64, r-release-windows-x86_64, r-oldrel-macos-arm64, r-oldrel-macos-x86_64, r-oldrel-windows-x86_64