CRAN Package Check Results for Package modeltime.resample

Last updated on 2022-06-29 11:52:14 CEST.

Flavor Version Tinstall Tcheck Ttotal Status Flags
r-devel-linux-x86_64-debian-clang 0.2.1 38.34 421.78 460.12 OK
r-devel-linux-x86_64-debian-gcc 0.2.1 33.13 307.11 340.24 OK
r-devel-linux-x86_64-fedora-clang 0.2.1 537.80 NOTE
r-devel-linux-x86_64-fedora-gcc 0.2.1 586.92 NOTE
r-devel-windows-x86_64 0.2.1 118.00 432.00 550.00 OK
r-patched-linux-x86_64 0.2.1 33.75 406.84 440.59 OK
r-release-linux-x86_64 0.2.1 34.18 394.87 429.05 OK
r-release-macos-arm64 0.2.1 147.00 NOTE
r-release-macos-x86_64 0.2.1 186.00 NOTE
r-release-windows-x86_64 0.2.1 149.00 414.00 563.00 OK
r-oldrel-macos-arm64 0.2.1 160.00 NOTE
r-oldrel-macos-x86_64 0.2.1 176.00 NOTE
r-oldrel-windows-ix86+x86_64 0.2.1 80.00 459.00 539.00 OK

Check Details

Version: 0.2.1
Check: package dependencies
Result: NOTE
    Imports includes 24 non-default packages.
    Importing from so many packages makes the package vulnerable to any of
    them becoming unavailable. Move as many as possible to Suggests and
    use conditionally.
Flavor: r-devel-linux-x86_64-fedora-clang

Version: 0.2.1
Check: dependencies in R code
Result: NOTE
    Namespaces in Imports field not imported from:
     ‘crayon’ ‘dials’ ‘glue’ ‘parsnip’
     All declared Imports should be used.
Flavors: r-devel-linux-x86_64-fedora-clang, r-devel-linux-x86_64-fedora-gcc, r-release-macos-arm64, r-release-macos-x86_64, r-oldrel-macos-arm64, r-oldrel-macos-x86_64