Last updated on 2023-02-05 11:10:41 CET.
Flavor | Version | Tinstall | Tcheck | Ttotal | Status | Flags |
---|---|---|---|---|---|---|
r-devel-linux-x86_64-debian-clang | 1.0.2 | 38.28 | 1022.66 | 1060.94 | OK | |
r-devel-linux-x86_64-debian-gcc | 1.0.2 | 29.29 | 719.39 | 748.68 | OK | |
r-devel-linux-x86_64-fedora-clang | 1.0.2 | 1228.82 | NOTE | |||
r-devel-linux-x86_64-fedora-gcc | 1.0.2 | 1168.21 | NOTE | |||
r-devel-windows-x86_64 | 1.0.2 | 127.00 | 1014.00 | 1141.00 | OK | |
r-patched-linux-x86_64 | 1.0.2 | 33.79 | 922.93 | 956.72 | OK | |
r-release-linux-x86_64 | 1.0.2 | 30.01 | 901.99 | 932.00 | OK | |
r-release-macos-arm64 | 1.0.2 | 163.00 | NOTE | |||
r-release-macos-x86_64 | 1.0.2 | 257.00 | NOTE | |||
r-release-windows-x86_64 | 1.0.2 | 100.00 | 712.00 | 812.00 | OK | |
r-oldrel-macos-arm64 | 1.0.2 | 179.00 | NOTE | |||
r-oldrel-macos-x86_64 | 1.0.2 | 267.00 | NOTE | |||
r-oldrel-windows-ix86+x86_64 | 1.0.2 | 83.00 | 1055.00 | 1138.00 | OK |
Version: 1.0.2
Check: dependencies in R code
Result: NOTE
Namespace in Imports field not imported from: ‘parsnip’
All declared Imports should be used.
Flavors: r-devel-linux-x86_64-fedora-clang, r-devel-linux-x86_64-fedora-gcc, r-release-macos-arm64, r-release-macos-x86_64, r-oldrel-macos-arm64, r-oldrel-macos-x86_64