CRAN Package Check Results for Package modelimpact

Last updated on 2024-07-18 10:51:15 CEST.

Flavor Version Tinstall Tcheck Ttotal Status Flags
r-devel-linux-x86_64-debian-clang 1.0.0 1.53 26.43 27.96 OK
r-devel-linux-x86_64-debian-gcc 1.0.0 1.71 19.80 21.51 OK
r-devel-linux-x86_64-fedora-clang 1.0.0 36.00 NOTE
r-devel-linux-x86_64-fedora-gcc 1.0.0 33.50 NOTE
r-devel-windows-x86_64 1.0.0 4.00 42.00 46.00 OK
r-patched-linux-x86_64 1.0.0 2.32 24.85 27.17 OK
r-release-linux-x86_64 1.0.0 2.25 24.43 26.68 OK
r-release-macos-arm64 1.0.0 15.00 OK
r-release-macos-x86_64 1.0.0 22.00 OK
r-release-windows-x86_64 1.0.0 3.00 42.00 45.00 OK
r-oldrel-macos-arm64 1.0.0 20.00 OK
r-oldrel-macos-x86_64 1.0.0 21.00 OK
r-oldrel-windows-x86_64 1.0.0 4.00 53.00 57.00 OK

Check Details

Version: 1.0.0
Check: dependencies in R code
Result: NOTE Namespace in Imports field not imported from: ‘utils’ All declared Imports should be used. Flavors: r-devel-linux-x86_64-fedora-clang, r-devel-linux-x86_64-fedora-gcc