CRAN Package Check Results for Package modelimpact

Last updated on 2023-09-26 13:08:36 CEST.

Flavor Version Tinstall Tcheck Ttotal Status Flags
r-devel-linux-x86_64-debian-clang 1.0.0 1.94 25.35 27.29 OK
r-devel-linux-x86_64-debian-gcc 1.0.0 1.65 19.86 21.51 OK
r-devel-linux-x86_64-fedora-clang 1.0.0 34.75 NOTE
r-devel-linux-x86_64-fedora-gcc 1.0.0 33.27 NOTE
r-devel-windows-x86_64 1.0.0 5.00 42.00 47.00 OK
r-patched-linux-x86_64 1.0.0 2.31 24.29 26.60 OK
r-release-linux-x86_64 1.0.0 2.27 24.60 26.87 OK
r-release-macos-arm64 1.0.0 20.00 OK
r-release-macos-x86_64 1.0.0 21.00 OK
r-release-windows-x86_64 1.0.0 4.00 43.00 47.00 OK
r-oldrel-macos-arm64 1.0.0 17.00 NOTE
r-oldrel-macos-x86_64 1.0.0 32.00 NOTE
r-oldrel-windows-x86_64 1.0.0 5.00 44.00 49.00 OK

Check Details

Version: 1.0.0
Check: dependencies in R code
Result: NOTE
    Namespace in Imports field not imported from: ‘utils’
     All declared Imports should be used.
Flavors: r-devel-linux-x86_64-fedora-clang, r-devel-linux-x86_64-fedora-gcc, r-oldrel-macos-arm64, r-oldrel-macos-x86_64