Last updated on 2023-02-01 13:53:25 CET.
Flavor | Version | Tinstall | Tcheck | Ttotal | Status | Flags |
---|---|---|---|---|---|---|
r-devel-linux-x86_64-debian-clang | 1.1.1.0 | 16.67 | 211.80 | 228.47 | NOTE | |
r-devel-linux-x86_64-debian-gcc | 1.1.1.0 | 13.13 | 159.74 | 172.87 | NOTE | |
r-devel-linux-x86_64-fedora-clang | 1.1.1.0 | 281.41 | NOTE | |||
r-devel-linux-x86_64-fedora-gcc | 1.1.1.0 | 283.50 | NOTE | |||
r-devel-windows-x86_64 | 1.1.1.0 | 24.00 | 253.00 | 277.00 | NOTE | |
r-patched-linux-x86_64 | 1.1.1.0 | 19.28 | 202.94 | 222.22 | NOTE | |
r-release-linux-x86_64 | 1.1.1.0 | 11.64 | 206.78 | 218.42 | NOTE | |
r-release-macos-arm64 | 1.1.1.0 | 88.00 | NOTE | |||
r-release-macos-x86_64 | 1.1.1.0 | 134.00 | NOTE | |||
r-release-windows-x86_64 | 1.1.1.0 | 42.00 | 253.00 | 295.00 | NOTE | |
r-oldrel-macos-arm64 | 1.1.1.0 | 96.00 | NOTE | |||
r-oldrel-macos-x86_64 | 1.1.1.0 | 132.00 | NOTE | |||
r-oldrel-windows-ix86+x86_64 | 1.1.1.0 | 35.00 | 233.00 | 268.00 | NOTE |
Version: 1.1.1.0
Check: LazyData
Result: NOTE
'LazyData' is specified without a 'data' directory
Flavors: r-devel-linux-x86_64-debian-clang, r-devel-linux-x86_64-debian-gcc, r-devel-linux-x86_64-fedora-clang, r-devel-linux-x86_64-fedora-gcc, r-devel-windows-x86_64, r-patched-linux-x86_64, r-release-linux-x86_64, r-release-macos-arm64, r-release-macos-x86_64, r-release-windows-x86_64, r-oldrel-macos-arm64, r-oldrel-macos-x86_64, r-oldrel-windows-ix86+x86_64
Version: 1.1.1.0
Check: dependencies in R code
Result: NOTE
Namespaces in Imports field not imported from:
‘ggplot2’ ‘lattice’
All declared Imports should be used.
Flavors: r-devel-linux-x86_64-fedora-clang, r-devel-linux-x86_64-fedora-gcc, r-release-macos-arm64, r-release-macos-x86_64, r-oldrel-macos-arm64, r-oldrel-macos-x86_64