Last updated on 2022-07-03 11:53:42 CEST.
Flavor | Version | Tinstall | Tcheck | Ttotal | Status | Flags |
---|---|---|---|---|---|---|
r-devel-linux-x86_64-debian-clang | 1.1 | 8.01 | 198.99 | 207.00 | NOTE | |
r-devel-linux-x86_64-debian-gcc | 1.1 | 5.58 | 158.01 | 163.59 | NOTE | |
r-devel-linux-x86_64-fedora-clang | 1.1 | 240.43 | NOTE | |||
r-devel-linux-x86_64-fedora-gcc | 1.1 | 236.02 | NOTE | |||
r-devel-windows-x86_64 | 1.1 | 29.00 | 188.00 | 217.00 | NOTE | |
r-patched-linux-x86_64 | 1.1 | 7.66 | 188.40 | 196.06 | NOTE | |
r-release-linux-x86_64 | 1.1 | 7.01 | 190.61 | 197.62 | NOTE | |
r-release-macos-arm64 | 1.1 | 64.00 | NOTE | |||
r-release-macos-x86_64 | 1.1 | 112.00 | NOTE | |||
r-release-windows-x86_64 | 1.1 | 27.00 | 197.00 | 224.00 | NOTE | |
r-oldrel-macos-arm64 | 1.1 | 67.00 | NOTE | |||
r-oldrel-macos-x86_64 | 1.1 | 107.00 | NOTE | |||
r-oldrel-windows-ix86+x86_64 | 1.1 | 21.00 | 187.00 | 208.00 | NOTE |
Version: 1.1
Check: LazyData
Result: NOTE
'LazyData' is specified without a 'data' directory
Flavors: r-devel-linux-x86_64-debian-clang, r-devel-linux-x86_64-debian-gcc, r-devel-linux-x86_64-fedora-clang, r-devel-linux-x86_64-fedora-gcc, r-devel-windows-x86_64, r-patched-linux-x86_64, r-release-linux-x86_64, r-release-macos-arm64, r-release-macos-x86_64, r-release-windows-x86_64, r-oldrel-macos-arm64, r-oldrel-macos-x86_64, r-oldrel-windows-ix86+x86_64
Version: 1.1
Check: dependencies in R code
Result: NOTE
Namespaces in Imports field not imported from:
‘DALEX’ ‘DT’ ‘auditor’ ‘breakDown’ ‘drifter’ ‘svglite’
All declared Imports should be used.
Flavors: r-devel-linux-x86_64-fedora-clang, r-devel-linux-x86_64-fedora-gcc, r-release-macos-arm64, r-release-macos-x86_64, r-oldrel-macos-arm64, r-oldrel-macos-x86_64