Last updated on 2023-09-23 11:50:22 CEST.
Flavor | Version | Tinstall | Tcheck | Ttotal | Status | Flags |
---|---|---|---|---|---|---|
r-devel-linux-x86_64-debian-clang | 0.1.5 | 6.76 | 57.03 | 63.79 | OK | |
r-devel-linux-x86_64-debian-gcc | 0.1.5 | 4.89 | 44.47 | 49.36 | OK | |
r-devel-linux-x86_64-fedora-clang | 0.1.5 | 84.17 | OK | |||
r-devel-linux-x86_64-fedora-gcc | 0.1.5 | 92.12 | OK | |||
r-devel-windows-x86_64 | 0.1.5 | 8.00 | 78.00 | 86.00 | OK | |
r-patched-linux-x86_64 | 0.1.5 | 7.17 | 54.65 | 61.82 | OK | |
r-release-linux-x86_64 | 0.1.5 | 3.95 | 54.72 | 58.67 | OK | |
r-release-macos-arm64 | 0.1.5 | 46.00 | OK | |||
r-release-macos-x86_64 | 0.1.5 | 88.00 | OK | |||
r-release-windows-x86_64 | 0.1.5 | 8.00 | 85.00 | 93.00 | OK | |
r-oldrel-macos-arm64 | 0.1.5 | 40.00 | OK | |||
r-oldrel-macos-x86_64 | 0.1.5 | 53.00 | OK | |||
r-oldrel-windows-x86_64 | 0.1.5 | 10.00 | 114.00 | 124.00 | ERROR |
Version: 0.1.5
Check: re-building of vignette outputs
Result: ERROR
Error(s) in re-building vignettes:
--- re-building 'mmstat4.Rmd' using rmarkdown
Quitting from lines 73-76 [unnamed-chunk-5] (mmstat4.Rmd)
Error: processing vignette 'mmstat4.Rmd' failed with diagnostics:
URL invalid or file not found: dummy
--- failed re-building 'mmstat4.Rmd'
SUMMARY: processing the following file failed:
'mmstat4.Rmd'
Error: Vignette re-building failed.
Execution halted
Flavor: r-oldrel-windows-x86_64