Last updated on 2024-04-26 12:54:42 CEST.
Flavor | Version | Tinstall | Tcheck | Ttotal | Status | Flags |
---|---|---|---|---|---|---|
r-devel-linux-x86_64-debian-clang | 1.20 | 8.45 | 79.84 | 88.29 | OK | |
r-devel-linux-x86_64-debian-gcc | 1.20 | 7.37 | 58.20 | 65.57 | OK | |
r-devel-linux-x86_64-fedora-clang | 1.20 | 110.46 | NOTE | |||
r-devel-linux-x86_64-fedora-gcc | 1.20 | 103.76 | OK | |||
r-devel-windows-x86_64 | 1.20 | 8.00 | 70.00 | 78.00 | OK | |
r-patched-linux-x86_64 | 1.20 | 10.49 | 73.09 | 83.58 | OK | |
r-release-linux-x86_64 | 1.20 | 8.98 | 78.03 | 87.01 | OK | |
r-release-macos-arm64 | 1.20 | 31.00 | OK | |||
r-release-windows-x86_64 | 1.20 | 7.00 | 71.00 | 78.00 | OK | |
r-oldrel-macos-arm64 | 1.20 | 34.00 | OK | |||
r-oldrel-macos-x86_64 | 1.20 | 55.00 | OK | |||
r-oldrel-windows-x86_64 | 1.20 | 10.00 | 84.00 | 94.00 | OK |
Version: 1.20
Check: Rd cross-references
Result: NOTE
Undeclared package ‘geeM’ in Rd xrefs
Flavor: r-devel-linux-x86_64-fedora-clang