Last updated on 2023-09-25 12:01:44 CEST.
Flavor | Version | Tinstall | Tcheck | Ttotal | Status | Flags |
---|---|---|---|---|---|---|
r-devel-linux-x86_64-debian-clang | 0.1.1 | 338.12 | 86.60 | 424.72 | OK | |
r-devel-linux-x86_64-debian-gcc | 0.1.1 | 235.10 | 60.77 | 295.87 | OK | |
r-devel-linux-x86_64-fedora-clang | 0.1.1 | 683.00 | OK | |||
r-devel-linux-x86_64-fedora-gcc | 0.1.1 | 682.90 | OK | |||
r-devel-windows-x86_64 | 0.1.1 | 254.00 | 109.00 | 363.00 | OK | |
r-patched-linux-x86_64 | 0.1.1 | 320.79 | 76.87 | 397.66 | OK | |
r-release-linux-x86_64 | 0.1.1 | 256.53 | 78.75 | 335.28 | OK | |
r-release-macos-arm64 | 0.1.1 | 153.00 | NOTE | |||
r-release-macos-x86_64 | 0.1.1 | 249.00 | NOTE | |||
r-release-windows-x86_64 | 0.1.1 | 342.00 | 129.00 | 471.00 | OK | |
r-oldrel-macos-arm64 | 0.1.1 | 129.00 | NOTE | |||
r-oldrel-macos-x86_64 | 0.1.1 | 165.00 | NOTE | |||
r-oldrel-windows-x86_64 | 0.1.1 | 336.00 | 119.00 | 455.00 | OK |
Version: 0.1.1
Check: installed package size
Result: NOTE
installed size is 17.6Mb
sub-directories of 1Mb or more:
doc 1.3Mb
libs 15.9Mb
Flavors: r-release-macos-arm64, r-release-macos-x86_64, r-oldrel-macos-arm64, r-oldrel-macos-x86_64