CRAN Package Check Results for Package mmapcharr

Last updated on 2022-06-28 12:52:29 CEST.

Flavor Version Tinstall Tcheck Ttotal Status Flags
r-devel-linux-x86_64-debian-clang 0.3.0 38.58 30.94 69.52 NOTE
r-devel-linux-x86_64-debian-gcc 0.3.0 27.84 24.25 52.09 NOTE
r-devel-linux-x86_64-fedora-clang 0.3.0 106.81 NOTE
r-devel-linux-x86_64-fedora-gcc 0.3.0 98.01 NOTE
r-devel-windows-x86_64 0.3.0 55.00 78.00 133.00 NOTE
r-patched-linux-x86_64 0.3.0 31.50 30.56 62.06 NOTE
r-release-linux-x86_64 0.3.0 32.26 29.97 62.23 NOTE
r-release-macos-arm64 0.3.0 28.00 NOTE
r-release-macos-x86_64 0.3.0 37.00 NOTE
r-release-windows-x86_64 0.3.0 59.00 77.00 136.00 NOTE
r-oldrel-macos-arm64 0.3.0 31.00 NOTE
r-oldrel-macos-x86_64 0.3.0 52.00 NOTE
r-oldrel-windows-ix86+x86_64 0.3.0 112.00 91.00 203.00 NOTE

Check Details

Version: 0.3.0
Check: LazyData
Result: NOTE
     'LazyData' is specified without a 'data' directory
Flavors: r-devel-linux-x86_64-debian-clang, r-devel-linux-x86_64-debian-gcc, r-devel-linux-x86_64-fedora-clang, r-devel-linux-x86_64-fedora-gcc, r-devel-windows-x86_64, r-patched-linux-x86_64, r-release-linux-x86_64, r-release-macos-arm64, r-release-macos-x86_64, r-release-windows-x86_64, r-oldrel-macos-arm64, r-oldrel-macos-x86_64, r-oldrel-windows-ix86+x86_64