CRAN Package Check Results for Package mmap

Last updated on 2024-05-27 12:51:35 CEST.

Flavor Version Tinstall Tcheck Ttotal Status Flags
r-devel-linux-x86_64-debian-clang 0.6-22 10.05 39.83 49.88 NOTE
r-devel-linux-x86_64-debian-gcc 0.6-22 7.01 31.17 38.18 NOTE
r-devel-linux-x86_64-fedora-clang 0.6-22 66.65 NOTE
r-devel-linux-x86_64-fedora-gcc 0.6-22 75.51 NOTE
r-devel-windows-x86_64 0.6-22 19.00 58.00 77.00 NOTE
r-patched-linux-x86_64 0.6-22 7.55 39.75 47.30 OK
r-release-linux-x86_64 0.6-22 7.61 39.54 47.15 OK
r-release-macos-arm64 0.6-22 36.00 OK
r-release-windows-x86_64 0.6-22 19.00 58.00 77.00 OK
r-oldrel-macos-arm64 0.6-22 56.00 OK
r-oldrel-macos-x86_64 0.6-22 111.00 OK
r-oldrel-windows-x86_64 0.6-22 22.00 59.00 81.00 OK

Check Details

Version: 0.6-22
Check: compiled code
Result: NOTE File ‘mmap/libs/mmap.so’: Found non-API calls to R: ‘SET_ENCLOS’, ‘SET_FRAME’, ‘SET_HASHTAB’ Compiled code should not call non-API entry points in R. See ‘Writing portable packages’ in the ‘Writing R Extensions’ manual. Flavors: r-devel-linux-x86_64-debian-clang, r-devel-linux-x86_64-debian-gcc, r-devel-linux-x86_64-fedora-clang, r-devel-linux-x86_64-fedora-gcc

Version: 0.6-22
Check: compiled code
Result: NOTE File 'mmap/libs/x64/mmap.dll': Found non-API calls to R: 'SET_ENCLOS', 'SET_FRAME', 'SET_HASHTAB' Compiled code should not call non-API entry points in R. See 'Writing portable packages' in the 'Writing R Extensions' manual. Flavor: r-devel-windows-x86_64