Last updated on 2024-04-17 10:41:42 CEST.
Flavor | Version | Tinstall | Tcheck | Ttotal | Status | Flags |
---|---|---|---|---|---|---|
r-devel-linux-x86_64-debian-clang | 1.1.5.1 | 19.62 | 330.18 | 349.80 | NOTE | |
r-devel-linux-x86_64-debian-gcc | 1.1.5.1 | 15.46 | 238.59 | 254.05 | NOTE | |
r-devel-linux-x86_64-fedora-clang | 1.1.5.1 | 407.07 | NOTE | |||
r-devel-linux-x86_64-fedora-gcc | 1.1.5.1 | 411.05 | NOTE | |||
r-prerel-macos-arm64 | 1.1.5.1 | 106.00 | NOTE | |||
r-prerel-windows-x86_64 | 1.1.5.1 | 20.00 | 214.00 | 234.00 | NOTE | |
r-patched-linux-x86_64 | 1.1.5.1 | 18.82 | 299.35 | 318.17 | NOTE | |
r-release-linux-x86_64 | 1.1.5.1 | 18.36 | 308.59 | 326.95 | OK | |
r-release-macos-arm64 | 1.1.5.1 | 123.00 | OK | |||
r-release-macos-x86_64 | 1.1.5.1 | 196.00 | OK | |||
r-release-windows-x86_64 | 1.1.5.1 | 26.00 | 319.00 | 345.00 | OK | |
r-oldrel-macos-arm64 | 1.1.5.1 | 214.00 | OK | |||
r-oldrel-windows-x86_64 | 1.1.5.1 | 24.00 | 279.00 | 303.00 | OK |
Version: 1.1.5.1
Check: Rd files
Result: NOTE
checkRd: (-1) MBOMultiObjResult.Rd:8: Lost braces in \itemize; meant \describe ?
checkRd: (-1) MBOMultiObjResult.Rd:9: Lost braces in \itemize; meant \describe ?
checkRd: (-1) MBOMultiObjResult.Rd:10: Lost braces in \itemize; meant \describe ?
checkRd: (-1) MBOMultiObjResult.Rd:11-13: Lost braces in \itemize; meant \describe ?
checkRd: (-1) MBOMultiObjResult.Rd:15: Lost braces in \itemize; meant \describe ?
checkRd: (-1) MBOSingleObjResult.Rd:8: Lost braces in \itemize; meant \describe ?
checkRd: (-1) MBOSingleObjResult.Rd:9-11: Lost braces in \itemize; meant \describe ?
checkRd: (-1) MBOSingleObjResult.Rd:12: Lost braces in \itemize; meant \describe ?
checkRd: (-1) MBOSingleObjResult.Rd:13-15: Lost braces in \itemize; meant \describe ?
checkRd: (-1) MBOSingleObjResult.Rd:16: Lost braces in \itemize; meant \describe ?
checkRd: (-1) MBOSingleObjResult.Rd:27: Lost braces in \itemize; meant \describe ?
checkRd: (-1) error_handling.Rd:12: Lost braces in \itemize; meant \describe ?
checkRd: (-1) error_handling.Rd:13: Lost braces in \itemize; meant \describe ?
checkRd: (-1) error_handling.Rd:14: Lost braces in \itemize; meant \describe ?
checkRd: (-1) error_handling.Rd:15: Lost braces in \itemize; meant \describe ?
checkRd: (-1) error_handling.Rd:16-17: Lost braces in \itemize; meant \describe ?
checkRd: (-1) error_handling.Rd:18-20: Lost braces in \itemize; meant \describe ?
checkRd: (-1) error_handling.Rd:21: Lost braces in \itemize; meant \describe ?
checkRd: (-1) mbo_parallel.Rd:9: Lost braces in \itemize; meant \describe ?
checkRd: (-1) mbo_parallel.Rd:10: Lost braces in \itemize; meant \describe ?
checkRd: (-1) setMBOControlMultiObj.Rd:119-120: Lost braces
119 | Notes in Computer Science, ISBN 978-3-642-37139-4, pp. 756{770,
| ^
checkRd: (-1) trafos.Rd:28: Lost braces in \itemize; meant \describe ?
checkRd: (-1) trafos.Rd:29: Lost braces in \itemize; meant \describe ?
Flavors: r-devel-linux-x86_64-debian-clang, r-devel-linux-x86_64-debian-gcc, r-devel-linux-x86_64-fedora-clang, r-devel-linux-x86_64-fedora-gcc, r-prerel-macos-arm64, r-prerel-windows-x86_64, r-patched-linux-x86_64