Last updated on 2022-06-25 10:53:08 CEST.
Flavor | Version | Tinstall | Tcheck | Ttotal | Status | Flags |
---|---|---|---|---|---|---|
r-devel-linux-x86_64-debian-clang | 0.5.0 | 8.06 | 55.67 | 63.73 | NOTE | |
r-devel-linux-x86_64-debian-gcc | 0.5.0 | 6.29 | 41.09 | 47.38 | NOTE | |
r-devel-linux-x86_64-fedora-clang | 0.5.0 | 92.41 | NOTE | |||
r-devel-linux-x86_64-fedora-gcc | 0.5.0 | 85.33 | NOTE | |||
r-devel-windows-x86_64 | 0.5.0 | 21.00 | 87.00 | 108.00 | OK | |
r-patched-linux-x86_64 | 0.5.0 | 10.13 | 52.66 | 62.79 | NOTE | |
r-release-linux-x86_64 | 0.5.0 | 7.58 | 52.35 | 59.93 | NOTE | |
r-release-macos-arm64 | 0.5.0 | 31.00 | OK | |||
r-release-macos-x86_64 | 0.5.0 | 38.00 | OK | |||
r-release-windows-x86_64 | 0.5.0 | 25.00 | 86.00 | 111.00 | OK | |
r-oldrel-macos-arm64 | 0.5.0 | 29.00 | OK | |||
r-oldrel-macos-x86_64 | 0.5.0 | 37.00 | OK | |||
r-oldrel-windows-ix86+x86_64 | 0.5.0 | 20.00 | 109.00 | 129.00 | OK |
Version: 0.5.0
Check: package dependencies
Result: NOTE
Package suggested but not available for checking: 'mlr3proba'
Flavors: r-devel-linux-x86_64-debian-clang, r-devel-linux-x86_64-debian-gcc, r-devel-linux-x86_64-fedora-clang, r-devel-linux-x86_64-fedora-gcc, r-patched-linux-x86_64, r-release-linux-x86_64