CRAN Package Check Results for Package mlr3hyperband

Last updated on 2022-07-01 11:52:05 CEST.

Flavor Version Tinstall Tcheck Ttotal Status Flags
r-devel-linux-x86_64-debian-clang 0.4.1 6.48 353.23 359.71 OK
r-devel-linux-x86_64-debian-gcc 0.4.1 6.19 249.45 255.64 OK
r-devel-linux-x86_64-fedora-clang 0.4.1 400.90 NOTE
r-devel-linux-x86_64-fedora-gcc 0.4.1 398.47 OK
r-devel-windows-x86_64 0.4.1 22.00 238.00 260.00 OK
r-patched-linux-x86_64 0.4.1 10.65 317.60 328.25 OK
r-release-linux-x86_64 0.4.1 7.79 312.56 320.35 OK
r-release-macos-arm64 0.4.1 81.00 OK
r-release-macos-x86_64 0.4.1 105.00 OK
r-release-windows-x86_64 0.4.1 24.00 238.00 262.00 OK
r-oldrel-macos-arm64 0.4.1 81.00 OK
r-oldrel-macos-x86_64 0.4.1 83.00 OK
r-oldrel-windows-ix86+x86_64 0.4.1 15.00 254.00 269.00 OK

Check Details

Version: 0.4.1
Check: Rd cross-references
Result: NOTE
    Undeclared package ‘future’ in Rd xrefs
Flavor: r-devel-linux-x86_64-fedora-clang