CRAN Package Check Results for Package mlquantify

Last updated on 2022-09-29 10:52:49 CEST.

Flavor Version Tinstall Tcheck Ttotal Status Flags
r-devel-linux-x86_64-debian-clang 0.2.0 2.83 44.62 47.45 OK
r-devel-linux-x86_64-debian-gcc 0.2.0 2.54 34.44 36.98 OK
r-devel-linux-x86_64-fedora-clang 0.2.0 72.99 NOTE
r-devel-linux-x86_64-fedora-gcc 0.2.0 66.84 NOTE
r-devel-windows-x86_64 0.2.0 17.00 77.00 94.00 OK
r-patched-linux-x86_64 0.2.0 2.72 43.78 46.50 OK
r-release-linux-x86_64 0.2.0 2.52 42.39 44.91 OK
r-release-macos-arm64 0.2.0 24.00 NOTE
r-release-macos-x86_64 0.2.0 40.00 NOTE
r-release-windows-x86_64 0.2.0 18.00 76.00 94.00 OK
r-oldrel-macos-arm64 0.2.0 24.00 NOTE
r-oldrel-macos-x86_64 0.2.0 31.00 NOTE
r-oldrel-windows-ix86+x86_64 0.2.0 8.00 75.00 83.00 OK

Check Details

Version: 0.2.0
Check: dependencies in R code
Result: NOTE
    Namespaces in Imports field not imported from:
     ‘caret’ ‘randomForest’
     All declared Imports should be used.
Flavors: r-devel-linux-x86_64-fedora-clang, r-devel-linux-x86_64-fedora-gcc, r-release-macos-arm64, r-release-macos-x86_64, r-oldrel-macos-arm64, r-oldrel-macos-x86_64