CRAN Package Check Results for Package mlmc

Last updated on 2022-07-03 11:53:42 CEST.

Flavor Version Tinstall Tcheck Ttotal Status Flags
r-devel-linux-x86_64-debian-clang 1.0.0 21.88 64.95 86.83 NOTE
r-devel-linux-x86_64-debian-gcc 1.0.0 14.61 48.71 63.32 NOTE
r-devel-linux-x86_64-fedora-clang 1.0.0 122.42 NOTE
r-devel-linux-x86_64-fedora-gcc 1.0.0 113.02 NOTE
r-devel-windows-x86_64 1.0.0 23.00 106.00 129.00 NOTE
r-patched-linux-x86_64 1.0.0 17.51 63.88 81.39 NOTE
r-release-linux-x86_64 1.0.0 17.07 62.83 79.90 NOTE
r-release-macos-arm64 1.0.0 35.00 NOTE
r-release-macos-x86_64 1.0.0 57.00 NOTE
r-release-windows-x86_64 1.0.0 92.00 111.00 203.00 NOTE
r-oldrel-macos-arm64 1.0.0 40.00 NOTE
r-oldrel-macos-x86_64 1.0.0 61.00 NOTE
r-oldrel-windows-ix86+x86_64 1.0.0 55.00 132.00 187.00 NOTE

Check Details

Version: 1.0.0
Check: LazyData
Result: NOTE
     'LazyData' is specified without a 'data' directory
Flavors: r-devel-linux-x86_64-debian-clang, r-devel-linux-x86_64-debian-gcc, r-devel-linux-x86_64-fedora-clang, r-devel-linux-x86_64-fedora-gcc, r-devel-windows-x86_64, r-patched-linux-x86_64, r-release-linux-x86_64, r-release-macos-arm64, r-release-macos-x86_64, r-release-windows-x86_64, r-oldrel-macos-arm64, r-oldrel-macos-x86_64, r-oldrel-windows-ix86+x86_64

Version: 1.0.0
Check: compiled code
Result: NOTE
    File ‘mlmc/libs/mlmc.so’:
     Found no calls to: ‘R_registerRoutines’, ‘R_useDynamicSymbols’
    
    It is good practice to register native routines and to disable symbol
    search.
    
    See ‘Writing portable packages’ in the ‘Writing R Extensions’ manual.
Flavors: r-devel-linux-x86_64-fedora-clang, r-devel-linux-x86_64-fedora-gcc