Last updated on 2024-06-30 10:56:14 CEST.
Flavor | Version | Tinstall | Tcheck | Ttotal | Status | Flags |
---|---|---|---|---|---|---|
r-devel-linux-x86_64-debian-clang | 0.3.0 | 13.91 | 133.62 | 147.53 | NOTE | |
r-devel-linux-x86_64-debian-gcc | 0.3.0 | 15.11 | 98.90 | 114.01 | NOTE | |
r-devel-linux-x86_64-fedora-clang | 0.3.0 | 198.42 | NOTE | |||
r-devel-linux-x86_64-fedora-gcc | 0.3.0 | 179.75 | NOTE | |||
r-devel-windows-x86_64 | 0.3.0 | 15.00 | 105.00 | 120.00 | NOTE | |
r-patched-linux-x86_64 | 0.3.0 | 14.64 | 128.23 | 142.87 | NOTE | |
r-release-linux-x86_64 | 0.3.0 | 15.74 | 126.43 | 142.17 | NOTE | |
r-release-macos-arm64 | 0.3.0 | 52.00 | NOTE | |||
r-release-macos-x86_64 | 0.3.0 | 73.00 | NOTE | |||
r-release-windows-x86_64 | 0.3.0 | 16.00 | 105.00 | 121.00 | NOTE | |
r-oldrel-macos-arm64 | 0.3.0 | 55.00 | OK | |||
r-oldrel-macos-x86_64 | 0.3.0 | 91.00 | OK | |||
r-oldrel-windows-x86_64 | 0.3.0 | 19.00 | 138.00 | 157.00 | OK |
Version: 0.3.0
Check: Rd files
Result: NOTE
checkRd: (-1) mlim.Rd:58: Lost braces
58 | Note that code{"XGB"} is only available in Mac OS and Linux. moreover,
| ^
Flavors: r-devel-linux-x86_64-debian-clang, r-devel-linux-x86_64-debian-gcc, r-devel-linux-x86_64-fedora-clang, r-devel-linux-x86_64-fedora-gcc, r-devel-windows-x86_64, r-patched-linux-x86_64, r-release-linux-x86_64, r-release-macos-arm64, r-release-macos-x86_64, r-release-windows-x86_64