Last updated on 2024-03-29 09:55:29 CET.
Flavor | Version | Tinstall | Tcheck | Ttotal | Status | Flags |
---|---|---|---|---|---|---|
r-devel-linux-x86_64-debian-clang | 1.0.0 | 2.18 | 38.73 | 40.91 | NOTE | |
r-devel-linux-x86_64-debian-gcc | 1.0.0 | 1.64 | 28.37 | 30.01 | NOTE | |
r-devel-linux-x86_64-fedora-clang | 1.0.0 | 49.00 | NOTE | |||
r-devel-linux-x86_64-fedora-gcc | 1.0.0 | 48.34 | NOTE | |||
r-devel-windows-x86_64 | 1.0.0 | 3.00 | 54.00 | 57.00 | NOTE | |
r-patched-linux-x86_64 | 1.0.0 | 2.38 | 36.48 | 38.86 | NOTE | |
r-release-linux-x86_64 | 1.0.0 | 1.65 | 37.38 | 39.03 | NOTE | |
r-release-macos-arm64 | 1.0.0 | 18.00 | NOTE | |||
r-release-macos-x86_64 | 1.0.0 | 27.00 | NOTE | |||
r-release-windows-x86_64 | 1.0.0 | 3.00 | 51.00 | 54.00 | NOTE | |
r-oldrel-macos-arm64 | 1.0.0 | 20.00 | OK | |||
r-oldrel-windows-x86_64 | 1.0.0 | 4.00 | 55.00 | 59.00 | OK |
Version: 1.0.0
Check: package subdirectories
Result: NOTE
Problems with news in ‘NEWS.md’:
No news entries found.
Flavors: r-devel-linux-x86_64-debian-clang, r-devel-linux-x86_64-debian-gcc, r-devel-linux-x86_64-fedora-clang, r-devel-linux-x86_64-fedora-gcc, r-devel-windows-x86_64, r-patched-linux-x86_64, r-release-linux-x86_64, r-release-macos-arm64, r-release-macos-x86_64, r-release-windows-x86_64