CRAN Package Check Results for Package mlbench

Last updated on 2022-07-04 12:54:14 CEST.

Flavor Version Tinstall Tcheck Ttotal Status Flags
r-devel-linux-x86_64-debian-clang 2.1-3 4.15 44.24 48.39 NOTE
r-devel-linux-x86_64-debian-gcc 2.1-3 3.39 34.62 38.01 NOTE
r-devel-linux-x86_64-fedora-clang 2.1-3 68.67 NOTE
r-devel-linux-x86_64-fedora-gcc 2.1-3 67.63 NOTE
r-devel-windows-x86_64 2.1-3 34.00 75.00 109.00 NOTE
r-patched-linux-x86_64 2.1-3 5.48 40.97 46.45 OK
r-release-linux-x86_64 2.1-3 3.19 40.70 43.89 OK
r-release-macos-arm64 2.1-3 25.00 OK
r-release-macos-x86_64 2.1-3 36.00 OK
r-release-windows-x86_64 2.1-3 40.00 73.00 113.00 OK
r-oldrel-macos-arm64 2.1-3 30.00 OK
r-oldrel-macos-x86_64 2.1-3 48.00 OK
r-oldrel-windows-ix86+x86_64 2.1-3 12.00 85.00 97.00 OK

Check Details

Version: 2.1-3
Check: Rd files
Result: NOTE
    checkRd: (-1) BreastCancer.Rd:48: Escaped LaTeX specials: \&
    checkRd: (-1) Ionosphere.Rd:38: Escaped LaTeX specials: \&
    checkRd: (-1) Ionosphere.Rd:59: Escaped LaTeX specials: \&
    checkRd: (-1) PimaIndiansDiabetes.Rd:19: Escaped LaTeX specials: \^
Flavors: r-devel-linux-x86_64-debian-clang, r-devel-linux-x86_64-debian-gcc, r-devel-linux-x86_64-fedora-clang, r-devel-linux-x86_64-fedora-gcc, r-devel-windows-x86_64