Last updated on 2024-04-23 10:54:09 CEST.
Flavor | Version | Tinstall | Tcheck | Ttotal | Status | Flags |
---|---|---|---|---|---|---|
r-devel-linux-x86_64-debian-clang | 2.5.1 | 43.40 | 282.99 | 326.39 | OK | |
r-devel-linux-x86_64-debian-gcc | 2.5.1 | 29.73 | 197.71 | 227.44 | OK | |
r-devel-linux-x86_64-fedora-clang | 2.5.1 | 398.95 | OK | |||
r-devel-linux-x86_64-fedora-gcc | 2.5.1 | 398.31 | OK | |||
r-prerel-macos-arm64 | 2.5.1 | 105.00 | OK | |||
r-prerel-macos-x86_64 | 2.5.1 | 216.00 | OK | |||
r-prerel-windows-x86_64 | 2.5.1 | 33.00 | 240.00 | 273.00 | NOTE | --no-vignettes |
r-patched-linux-x86_64 | 2.5.1 | 40.11 | 265.85 | 305.96 | OK | |
r-release-linux-x86_64 | 2.5.1 | 24.81 | 256.25 | 281.06 | OK | |
r-release-macos-arm64 | 2.5.1 | 114.00 | OK | |||
r-release-macos-x86_64 | 2.5.1 | 216.00 | OK | |||
r-release-windows-x86_64 | 2.5.1 | 47.00 | 316.00 | 363.00 | NOTE | --no-vignettes |
r-oldrel-macos-arm64 | 2.5.1 | 96.00 | OK | |||
r-oldrel-windows-x86_64 | 2.5.1 | 42.00 | 286.00 | 328.00 | NOTE | --no-vignettes |
Version: 2.5.1
Flags: --no-vignettes
Check: installed package size
Result: NOTE
installed size is 5.1Mb
sub-directories of 1Mb or more:
doc 1.5Mb
Flavors: r-prerel-windows-x86_64, r-release-windows-x86_64, r-oldrel-windows-x86_64