CRAN Package Check Results for Package mixture

Last updated on 2025-04-16 12:49:36 CEST.

Flavor Version Tinstall Tcheck Ttotal Status Flags
r-devel-linux-x86_64-debian-clang 2.1.1 71.81 37.70 109.51 OK
r-devel-linux-x86_64-debian-gcc 2.1.1 53.24 28.42 81.66 OK
r-devel-linux-x86_64-fedora-clang 2.1.1 183.86 OK
r-devel-linux-x86_64-fedora-gcc 2.1.1 199.25 OK
r-devel-windows-x86_64 2.1.1 72.00 87.00 159.00 OK
r-patched-linux-x86_64 2.1.1 77.66 36.87 114.53 OK
r-release-linux-x86_64 2.1.1 73.72 36.60 110.32 OK
r-release-macos-arm64 2.1.1 62.00 OK
r-release-macos-x86_64 2.1.1 112.00 OK
r-release-windows-x86_64 2.1.1 72.00 80.00 152.00 OK
r-oldrel-macos-arm64 2.1.1 54.00 NOTE
r-oldrel-macos-x86_64 2.1.1 80.00 NOTE
r-oldrel-windows-x86_64 2.1.1 86.00 102.00 188.00 OK

Check Details

Version: 2.1.1
Check: installed package size
Result: NOTE installed size is 11.9Mb sub-directories of 1Mb or more: libs 11.6Mb Flavors: r-oldrel-macos-arm64, r-oldrel-macos-x86_64