Last updated on 2025-07-22 13:49:18 CEST.
Flavor | Version | Tinstall | Tcheck | Ttotal | Status | Flags |
---|---|---|---|---|---|---|
r-devel-linux-x86_64-debian-clang | 2.0.0.1 | 29.08 | 256.79 | 285.87 | NOTE | |
r-devel-linux-x86_64-debian-gcc | 2.0.0.1 | 20.39 | 169.52 | 189.91 | NOTE | |
r-devel-linux-x86_64-fedora-clang | 2.0.0.1 | 453.35 | OK | |||
r-devel-linux-x86_64-fedora-gcc | 2.0.0.1 | 467.33 | OK | |||
r-devel-windows-x86_64 | 2.0.0.1 | 35.00 | 314.00 | 349.00 | OK | |
r-patched-linux-x86_64 | 2.0.0.1 | 31.65 | 238.01 | 269.66 | OK | |
r-release-linux-x86_64 | 2.0.0.1 | 24.45 | 237.66 | 262.11 | OK | |
r-release-macos-arm64 | 2.0.0.1 | 109.00 | OK | |||
r-release-macos-x86_64 | 2.0.0.1 | 244.00 | OK | |||
r-release-windows-x86_64 | 2.0.0.1 | 36.00 | 322.00 | 358.00 | OK | |
r-oldrel-macos-arm64 | 2.0.0.1 | 111.00 | OK | |||
r-oldrel-macos-x86_64 | 2.0.0.1 | 217.00 | OK | |||
r-oldrel-windows-x86_64 | 2.0.0.1 | 49.00 | 403.00 | 452.00 | OK |
Version: 2.0.0.1
Check: CRAN incoming feasibility
Result: NOTE
Maintainer: ‘Derek Young <derek.young@uky.edu>’
Package CITATION file contains call(s) to old-style personList() or
as.personList(). Please use c() on person objects instead.
Package CITATION file contains call(s) to old-style citEntry(). Please
use bibentry() instead.
Flavors: r-devel-linux-x86_64-debian-clang, r-devel-linux-x86_64-debian-gcc