Last updated on 2024-03-28 09:51:48 CET.
Flavor | Version | Tinstall | Tcheck | Ttotal | Status | Flags |
---|---|---|---|---|---|---|
r-devel-linux-x86_64-debian-clang | 1.2.0 | 7.22 | 82.41 | 89.63 | NOTE | |
r-devel-linux-x86_64-debian-gcc | 1.2.0 | 4.54 | 58.65 | 63.19 | NOTE | |
r-devel-linux-x86_64-fedora-clang | 1.2.0 | 104.84 | NOTE | |||
r-devel-linux-x86_64-fedora-gcc | 1.2.0 | 100.89 | NOTE | |||
r-devel-windows-x86_64 | 1.2.0 | 8.00 | 80.00 | 88.00 | NOTE | |
r-patched-linux-x86_64 | 1.2.0 | 7.79 | 78.01 | 85.80 | NOTE | |
r-release-linux-x86_64 | 1.2.0 | 5.09 | 78.63 | 83.72 | NOTE | |
r-release-macos-arm64 | 1.2.0 | 30.00 | NOTE | |||
r-release-macos-x86_64 | 1.2.0 | 51.00 | NOTE | |||
r-release-windows-x86_64 | 1.2.0 | 7.00 | 98.00 | 105.00 | NOTE | |
r-oldrel-macos-arm64 | 1.2.0 | 30.00 | OK | |||
r-oldrel-windows-x86_64 | 1.2.0 | 12.00 | 98.00 | 110.00 | OK |
Version: 1.2.0
Check: Rd files
Result: NOTE
checkRd: (-1) mixmeta-package.Rd:115: Escaped LaTeX specials: \&
checkRd: (-1) mixmeta.ml.Rd:56: Escaped LaTeX specials: \&
checkRd: (-1) ml.igls.Rd:62: Escaped LaTeX specials: \&
Flavors: r-devel-linux-x86_64-debian-clang, r-devel-linux-x86_64-debian-gcc, r-devel-linux-x86_64-fedora-clang, r-devel-linux-x86_64-fedora-gcc, r-devel-windows-x86_64, r-patched-linux-x86_64, r-release-linux-x86_64, r-release-macos-arm64, r-release-macos-x86_64, r-release-windows-x86_64
Version: 1.2.0
Check: Rd cross-references
Result: NOTE
Undeclared package ‘mvmeta’ in Rd xrefs
Flavor: r-devel-linux-x86_64-fedora-clang