Last updated on 2023-06-01 11:57:46 CEST.
Flavor | Version | Tinstall | Tcheck | Ttotal | Status | Flags |
---|---|---|---|---|---|---|
r-devel-linux-x86_64-debian-clang | 0.8 | 38.01 | 344.64 | 382.65 | OK | |
r-devel-linux-x86_64-debian-gcc | 0.8 | 29.47 | 261.71 | 291.18 | OK | |
r-devel-linux-x86_64-fedora-clang | 0.8 | 473.14 | NOTE | |||
r-devel-windows-x86_64 | 0.8 | 28.00 | 240.00 | 268.00 | OK | |
r-patched-linux-x86_64 | 0.8 | OK | ||||
r-release-linux-x86_64 | 0.8 | 22.33 | 321.74 | 344.07 | OK | |
r-release-macos-arm64 | 0.8 | 7.00 | ERROR | |||
r-release-macos-x86_64 | 0.8 | 6.00 | ERROR | |||
r-release-windows-x86_64 | 0.8 | 39.00 | 316.00 | 355.00 | OK | |
r-oldrel-macos-arm64 | 0.8 | 114.00 | NOTE | |||
r-oldrel-macos-x86_64 | 0.8 | 205.00 | NOTE | |||
r-oldrel-windows-x86_64 | 0.8 | 36.00 | 296.00 | 332.00 | OK |
Version: 0.8
Check: dependencies in R code
Result: NOTE
Namespace in Imports field not imported from: ‘markdown’
All declared Imports should be used.
Flavors: r-devel-linux-x86_64-fedora-clang, r-oldrel-macos-arm64, r-oldrel-macos-x86_64
Version: 0.8
Check: package dependencies
Result: ERROR
Package required but not available: ‘phyloseq’
See section ‘The DESCRIPTION file’ in the ‘Writing R Extensions’
manual.
Flavors: r-release-macos-arm64, r-release-macos-x86_64