Last updated on 2024-03-28 09:51:48 CET.
Flavor | Version | Tinstall | Tcheck | Ttotal | Status | Flags |
---|---|---|---|---|---|---|
r-devel-linux-x86_64-debian-clang | 1.0.0 | 3.50 | 322.39 | 325.89 | NOTE | |
r-devel-linux-x86_64-debian-gcc | 1.0.0 | 2.99 | 228.94 | 231.93 | NOTE | |
r-devel-linux-x86_64-fedora-clang | 1.0.0 | 384.42 | NOTE | |||
r-devel-linux-x86_64-fedora-gcc | 1.0.0 | 383.85 | NOTE | |||
r-devel-windows-x86_64 | 1.0.0 | 4.00 | 266.00 | 270.00 | NOTE | |
r-patched-linux-x86_64 | 1.0.0 | 3.60 | 294.32 | 297.92 | NOTE | |
r-release-linux-x86_64 | 1.0.0 | 3.32 | 293.02 | 296.34 | NOTE | |
r-release-macos-arm64 | 1.0.0 | 130.00 | NOTE | |||
r-release-macos-x86_64 | 1.0.0 | 217.00 | NOTE | |||
r-release-windows-x86_64 | 1.0.0 | 5.00 | 307.00 | 312.00 | NOTE | |
r-oldrel-macos-arm64 | 1.0.0 | 126.00 | OK | |||
r-oldrel-windows-x86_64 | 1.0.0 | 5.00 | 327.00 | 332.00 | OK |
Version: 1.0.0
Check: package subdirectories
Result: NOTE
Problems with news in ‘NEWS.md’:
Cannot extract version info from the following section titles:
Bug Fix
Update Vignettes
Function Optimizing
New Functions
Vignette
Optimization
Fix Bugs
Add New Function
Update Description Files
Fix bugs
New .R files
Update Old .R files
Flavors: r-devel-linux-x86_64-debian-clang, r-devel-linux-x86_64-debian-gcc, r-devel-linux-x86_64-fedora-clang, r-devel-linux-x86_64-fedora-gcc, r-devel-windows-x86_64, r-patched-linux-x86_64, r-release-linux-x86_64, r-release-macos-arm64, r-release-macos-x86_64, r-release-windows-x86_64