Last updated on 2023-04-01 13:52:52 CEST.
Flavor | Version | Tinstall | Tcheck | Ttotal | Status | Flags |
---|---|---|---|---|---|---|
r-devel-linux-x86_64-debian-clang | 1.0.0 | 37.09 | 65.46 | 102.55 | NOTE | |
r-devel-linux-x86_64-debian-gcc | 1.0.0 | 26.56 | 49.06 | 75.62 | NOTE | |
r-devel-linux-x86_64-fedora-clang | 1.0.0 | 133.07 | NOTE | |||
r-devel-linux-x86_64-fedora-gcc | 1.0.0 | 136.67 | NOTE | |||
r-devel-windows-x86_64 | 1.0.0 | 42.00 | 122.00 | 164.00 | NOTE | |
r-patched-linux-x86_64 | 1.0.0 | 34.62 | 61.16 | 95.78 | NOTE | |
r-release-linux-x86_64 | 1.0.0 | 31.01 | 62.50 | 93.51 | OK | |
r-release-macos-arm64 | 1.0.0 | 41.00 | NOTE | |||
r-release-macos-x86_64 | 1.0.0 | 50.00 | NOTE | |||
r-release-windows-x86_64 | 1.0.0 | 47.00 | 123.00 | 170.00 | OK | |
r-oldrel-macos-arm64 | 1.0.0 | 42.00 | NOTE | |||
r-oldrel-macos-x86_64 | 1.0.0 | 53.00 | NOTE | |||
r-oldrel-windows-ix86+x86_64 | 1.0.0 | 83.00 | 128.00 | 211.00 | NOTE |
Version: 1.0.0
Check: C++ specification
Result: NOTE
Specified C++11: please drop specification unless essential
Flavors: r-devel-linux-x86_64-debian-clang, r-devel-linux-x86_64-debian-gcc, r-devel-linux-x86_64-fedora-clang, r-devel-linux-x86_64-fedora-gcc, r-devel-windows-x86_64, r-patched-linux-x86_64
Version: 1.0.0
Check: installed package size
Result: NOTE
installed size is 5.5Mb
sub-directories of 1Mb or more:
doc 2.4Mb
extdata 1.2Mb
libs 1.7Mb
Flavors: r-release-macos-arm64, r-release-macos-x86_64, r-oldrel-macos-arm64, r-oldrel-macos-x86_64, r-oldrel-windows-ix86+x86_64