Last updated on 2024-04-20 11:50:20 CEST.
Flavor | Version | Tinstall | Tcheck | Ttotal | Status | Flags |
---|---|---|---|---|---|---|
r-devel-linux-x86_64-debian-clang | 1.2.0 | 40.62 | 55.83 | 96.45 | OK | |
r-devel-linux-x86_64-debian-gcc | 1.2.0 | 25.91 | 42.09 | 68.00 | OK | |
r-devel-linux-x86_64-fedora-clang | 1.2.0 | 126.70 | OK | |||
r-devel-linux-x86_64-fedora-gcc | 1.2.0 | 134.14 | OK | |||
r-prerel-macos-arm64 | 1.2.0 | 38.00 | NOTE | |||
r-prerel-macos-x86_64 | 1.2.0 | 75.00 | NOTE | |||
r-prerel-windows-x86_64 | 1.2.0 | 27.00 | 81.00 | 108.00 | OK | |
r-patched-linux-x86_64 | 1.2.0 | 38.01 | 53.77 | 91.78 | OK | |
r-release-linux-x86_64 | 1.2.0 | 30.62 | 53.74 | 84.36 | OK | |
r-release-macos-arm64 | 1.2.0 | 39.00 | NOTE | |||
r-release-macos-x86_64 | 1.2.0 | 62.00 | NOTE | |||
r-release-windows-x86_64 | 1.2.0 | 34.00 | 95.00 | 129.00 | OK | |
r-oldrel-macos-arm64 | 1.2.0 | 36.00 | NOTE | |||
r-oldrel-windows-x86_64 | 1.2.0 | 35.00 | 90.00 | 125.00 | OK |
Version: 1.2.0
Check: installed package size
Result: NOTE
installed size is 5.4Mb
sub-directories of 1Mb or more:
doc 2.4Mb
extdata 1.2Mb
libs 1.6Mb
Flavors: r-prerel-macos-arm64, r-prerel-macos-x86_64, r-release-macos-arm64, r-release-macos-x86_64, r-oldrel-macos-arm64