Last updated on 2024-03-28 09:51:48 CET.
Flavor | Version | Tinstall | Tcheck | Ttotal | Status | Flags |
---|---|---|---|---|---|---|
r-devel-linux-x86_64-debian-clang | 0.1-5 | 11.99 | 86.99 | 98.98 | OK | |
r-devel-linux-x86_64-debian-gcc | 0.1-5 | 10.44 | 65.30 | 75.74 | OK | |
r-devel-linux-x86_64-fedora-clang | 0.1-5 | 124.06 | NOTE | |||
r-devel-linux-x86_64-fedora-gcc | 0.1-5 | 120.28 | OK | |||
r-devel-windows-x86_64 | 0.1-5 | 16.00 | 83.00 | 99.00 | NOTE | |
r-patched-linux-x86_64 | 0.1-5 | 14.25 | 81.51 | 95.76 | OK | |
r-release-linux-x86_64 | 0.1-5 | 13.12 | 86.14 | 99.26 | OK | |
r-release-macos-arm64 | 0.1-5 | 48.00 | NOTE | |||
r-release-macos-x86_64 | 0.1-5 | 69.00 | NOTE | |||
r-release-windows-x86_64 | 0.1-5 | 20.00 | 102.00 | 122.00 | NOTE | |
r-oldrel-macos-arm64 | 0.1-5 | 52.00 | NOTE | |||
r-oldrel-windows-x86_64 | 0.1-5 | 20.00 | 105.00 | 125.00 | NOTE |
Version: 0.1-5
Check: Rd cross-references
Result: NOTE
Undeclared packages ‘pspline’, ‘lme4’ in Rd xrefs
Flavor: r-devel-linux-x86_64-fedora-clang
Version: 0.1-5
Check: package dependencies
Result: NOTE
Package suggested but not available for checking: 'BRugs'
Flavors: r-devel-windows-x86_64, r-release-windows-x86_64, r-oldrel-windows-x86_64
Version: 0.1-5
Check: package dependencies
Result: NOTE
Packages suggested but not available for checking: 'mixAK', 'BRugs'
Flavors: r-release-macos-arm64, r-release-macos-x86_64, r-oldrel-macos-arm64
Version: 0.1-5
Check: Rd cross-references
Result: NOTE
Package unavailable to check Rd xrefs: ‘mixAK’
Flavors: r-release-macos-arm64, r-oldrel-macos-arm64
Version: 0.1-5
Check: Rd cross-references
Result: NOTE
Packages unavailable to check Rd xrefs: ‘lme4’, ‘mixAK’
Flavor: r-release-macos-x86_64