Last updated on 2022-06-25 10:53:08 CEST.
Flavor | Version | Tinstall | Tcheck | Ttotal | Status | Flags |
---|---|---|---|---|---|---|
r-devel-linux-x86_64-debian-clang | 0.4.0 | 2.90 | 47.65 | 50.55 | OK | |
r-devel-linux-x86_64-debian-gcc | 0.4.0 | 2.11 | 36.72 | 38.83 | OK | |
r-devel-linux-x86_64-fedora-clang | 0.4.0 | 71.05 | OK | |||
r-devel-linux-x86_64-fedora-gcc | 0.4.0 | 70.28 | OK | |||
r-devel-windows-x86_64 | 0.4.0 | 43.00 | 116.00 | 159.00 | OK | |
r-patched-linux-x86_64 | 0.4.0 | 2.79 | 46.06 | 48.85 | OK | |
r-release-linux-x86_64 | 0.4.0 | 2.67 | 46.88 | 49.55 | OK | |
r-release-macos-arm64 | 0.4.0 | 29.00 | OK | |||
r-release-macos-x86_64 | 0.4.0 | 7.00 | ERROR | |||
r-release-windows-x86_64 | 0.4.0 | 37.00 | 98.00 | 135.00 | OK | |
r-oldrel-macos-arm64 | 0.4.0 | 25.00 | OK | |||
r-oldrel-macos-x86_64 | 0.4.0 | 24.00 | OK | |||
r-oldrel-windows-ix86+x86_64 | 0.4.0 | 7.00 | 50.00 | 57.00 | OK |
Version: 0.4.0
Check: package dependencies
Result: ERROR
Package required but not available: ‘katex’
See section ‘The DESCRIPTION file’ in the ‘Writing R Extensions’
manual.
Flavor: r-release-macos-x86_64