Last updated on 2024-04-23 10:54:09 CEST.
Flavor | Version | Tinstall | Tcheck | Ttotal | Status | Flags |
---|---|---|---|---|---|---|
r-devel-linux-x86_64-debian-clang | 1.0.0 | 7.15 | 58.81 | 65.96 | OK | |
r-devel-linux-x86_64-debian-gcc | 1.0.0 | 4.82 | 44.23 | 49.05 | OK | |
r-devel-linux-x86_64-fedora-clang | 1.0.0 | 81.94 | OK | |||
r-devel-linux-x86_64-fedora-gcc | 1.0.0 | 77.35 | OK | |||
r-prerel-macos-arm64 | 1.0.0 | 29.00 | NOTE | |||
r-prerel-windows-x86_64 | 1.0.0 | 9.00 | 64.00 | 73.00 | OK | |
r-patched-linux-x86_64 | 1.0.0 | 5.37 | 55.23 | 60.60 | OK | |
r-release-linux-x86_64 | 1.0.0 | 8.49 | 56.96 | 65.45 | OK | |
r-release-macos-arm64 | 1.0.0 | 31.00 | NOTE | |||
r-release-macos-x86_64 | 1.0.0 | 40.00 | NOTE | |||
r-release-windows-x86_64 | 1.0.0 | 12.00 | 72.00 | 84.00 | OK | |
r-oldrel-macos-arm64 | 1.0.0 | 28.00 | NOTE | |||
r-oldrel-windows-x86_64 | 1.0.0 | 11.00 | 75.00 | 86.00 | OK |
Version: 1.0.0
Check: installed package size
Result: NOTE
installed size is 5.6Mb
sub-directories of 1Mb or more:
data 5.5Mb
Flavors: r-prerel-macos-arm64, r-release-macos-arm64, r-release-macos-x86_64, r-oldrel-macos-arm64