CRAN Package Check Results for Package mimsy

Last updated on 2022-06-27 11:50:48 CEST.

Flavor Version Tinstall Tcheck Ttotal Status Flags
r-devel-linux-x86_64-debian-clang 0.6.2 8.18 72.69 80.87 NOTE
r-devel-linux-x86_64-debian-gcc 0.6.2 5.93 54.14 60.07 NOTE
r-devel-linux-x86_64-fedora-clang 0.6.2 106.08 NOTE
r-devel-linux-x86_64-fedora-gcc 0.6.2 102.60 NOTE
r-devel-windows-x86_64 0.6.2 14.00 92.00 106.00 NOTE
r-patched-linux-x86_64 0.6.2 8.85 67.85 76.70 NOTE
r-release-linux-x86_64 0.6.2 7.42 67.08 74.50 NOTE
r-release-macos-arm64 0.6.2 28.00 NOTE
r-release-macos-x86_64 0.6.2 54.00 NOTE
r-release-windows-x86_64 0.6.2 16.00 95.00 111.00 NOTE
r-oldrel-macos-arm64 0.6.2 36.00 NOTE
r-oldrel-macos-x86_64 0.6.2 47.00 NOTE
r-oldrel-windows-ix86+x86_64 0.6.2 18.00 91.00 109.00 NOTE

Check Details

Version: 0.6.2
Check: LazyData
Result: NOTE
     'LazyData' is specified without a 'data' directory
Flavors: r-devel-linux-x86_64-debian-clang, r-devel-linux-x86_64-debian-gcc, r-devel-linux-x86_64-fedora-clang, r-devel-linux-x86_64-fedora-gcc, r-devel-windows-x86_64, r-patched-linux-x86_64, r-release-linux-x86_64, r-release-macos-arm64, r-release-macos-x86_64, r-release-windows-x86_64, r-oldrel-macos-arm64, r-oldrel-macos-x86_64, r-oldrel-windows-ix86+x86_64