Last updated on 2022-06-26 11:52:37 CEST.
Flavor | Version | Tinstall | Tcheck | Ttotal | Status | Flags |
---|---|---|---|---|---|---|
r-devel-linux-x86_64-debian-clang | 0.3 | 56.18 | 104.39 | 160.57 | OK | |
r-devel-linux-x86_64-debian-gcc | 0.3 | 47.64 | 78.63 | 126.27 | OK | |
r-devel-linux-x86_64-fedora-clang | 0.3 | 234.61 | NOTE | |||
r-devel-linux-x86_64-fedora-gcc | 0.3 | 208.71 | OK | |||
r-devel-windows-x86_64 | 0.3 | 51.00 | 154.00 | 205.00 | OK | |
r-patched-linux-x86_64 | 0.3 | 54.62 | 99.00 | 153.62 | OK | |
r-release-linux-x86_64 | 0.3 | 49.85 | 99.46 | 149.31 | OK | |
r-release-macos-arm64 | 0.3 | 52.00 | NOTE | |||
r-release-macos-x86_64 | 0.3 | 80.00 | NOTE | |||
r-release-windows-x86_64 | 0.3 | 57.00 | 155.00 | 212.00 | OK | |
r-oldrel-macos-arm64 | 0.3 | 60.00 | NOTE | |||
r-oldrel-macos-x86_64 | 0.3 | 106.00 | NOTE | |||
r-oldrel-windows-ix86+x86_64 | 0.3 | 141.00 | 158.00 | 299.00 | OK |
Version: 0.3
Check: installed package size
Result: NOTE
installed size is 5.9Mb
sub-directories of 1Mb or more:
libs 5.3Mb
Flavors: r-devel-linux-x86_64-fedora-clang, r-release-macos-arm64, r-release-macos-x86_64, r-oldrel-macos-arm64, r-oldrel-macos-x86_64