Last updated on 2024-03-27 10:09:31 CET.
Flavor | Version | Tinstall | Tcheck | Ttotal | Status | Flags |
---|---|---|---|---|---|---|
r-devel-linux-x86_64-debian-clang | 2.0.4 | 5.77 | 53.18 | 58.95 | OK | |
r-devel-linux-x86_64-debian-gcc | 2.0.4 | 4.83 | 39.64 | 44.47 | OK | |
r-devel-linux-x86_64-fedora-clang | 2.0.4 | 77.66 | NOTE | |||
r-devel-linux-x86_64-fedora-gcc | 2.0.4 | 71.25 | NOTE | |||
r-devel-windows-x86_64 | 2.0.4 | 7.00 | 69.00 | 76.00 | OK | |
r-patched-linux-x86_64 | 2.0.4 | 8.61 | 51.75 | 60.36 | OK | |
r-release-linux-x86_64 | 2.0.4 | 3.52 | 50.13 | 53.65 | OK | |
r-release-macos-arm64 | 2.0.4 | 24.00 | OK | |||
r-release-macos-x86_64 | 2.0.4 | 74.00 | OK | |||
r-release-windows-x86_64 | 2.0.4 | 7.00 | 74.00 | 81.00 | OK | |
r-oldrel-macos-arm64 | 2.0.4 | 27.00 | OK | |||
r-oldrel-windows-x86_64 | 2.0.4 | 10.00 | 69.00 | 79.00 | OK |
Version: 2.0.4
Check: data for non-ASCII characters
Result: NOTE
Note: found 9 marked UTF-8 strings
Flavors: r-devel-linux-x86_64-fedora-clang, r-devel-linux-x86_64-fedora-gcc