CRAN Package Check Results for Package mifa

Last updated on 2022-06-30 11:53:12 CEST.

Flavor Version Tinstall Tcheck Ttotal Status Flags
r-devel-linux-x86_64-debian-clang 0.2.0 2.69 66.01 68.70 NOTE
r-devel-linux-x86_64-debian-gcc 0.2.0 1.47 50.98 52.45 NOTE
r-devel-linux-x86_64-fedora-clang 0.2.0 92.47 NOTE
r-devel-linux-x86_64-fedora-gcc 0.2.0 91.89 NOTE
r-devel-windows-x86_64 0.2.0 5.00 92.00 97.00 NOTE
r-patched-linux-x86_64 0.2.0 7.73 63.58 71.31 NOTE
r-release-linux-x86_64 0.2.0 2.65 64.61 67.26 NOTE
r-release-macos-arm64 0.2.0 37.00 NOTE
r-release-macos-x86_64 0.2.0 54.00 NOTE
r-release-windows-x86_64 0.2.0 13.00 100.00 113.00 NOTE
r-oldrel-macos-arm64 0.2.0 41.00 NOTE
r-oldrel-macos-x86_64 0.2.0 68.00 NOTE
r-oldrel-windows-ix86+x86_64 0.2.0 9.00 93.00 102.00 NOTE

Check Details

Version: 0.2.0
Check: LazyData
Result: NOTE
     'LazyData' is specified without a 'data' directory
Flavors: r-devel-linux-x86_64-debian-clang, r-devel-linux-x86_64-debian-gcc, r-devel-linux-x86_64-fedora-clang, r-devel-linux-x86_64-fedora-gcc, r-devel-windows-x86_64, r-patched-linux-x86_64, r-release-linux-x86_64, r-release-macos-arm64, r-release-macos-x86_64, r-release-windows-x86_64, r-oldrel-macos-arm64, r-oldrel-macos-x86_64, r-oldrel-windows-ix86+x86_64