Last updated on 2023-09-29 12:57:02 CEST.
Flavor | Version | Tinstall | Tcheck | Ttotal | Status | Flags |
---|---|---|---|---|---|---|
r-devel-linux-x86_64-debian-clang | 1.0.1 | 3.84 | 36.56 | 40.40 | NOTE | |
r-devel-linux-x86_64-debian-gcc | 1.0.1 | 3.17 | 28.79 | 31.96 | NOTE | |
r-devel-linux-x86_64-fedora-clang | 1.0.1 | 50.59 | NOTE | |||
r-devel-linux-x86_64-fedora-gcc | 1.0.1 | 49.52 | NOTE | |||
r-devel-windows-x86_64 | 1.0.1 | 5.00 | 55.00 | 60.00 | NOTE | |
r-patched-linux-x86_64 | 1.0.1 | 3.72 | 35.95 | 39.67 | NOTE | |
r-release-linux-x86_64 | 1.0.1 | 4.10 | 36.32 | 40.42 | NOTE | |
r-release-macos-arm64 | 1.0.1 | 20.00 | NOTE | |||
r-release-macos-x86_64 | 1.0.1 | 29.00 | NOTE | |||
r-release-windows-x86_64 | 1.0.1 | 7.00 | 56.00 | 63.00 | NOTE | |
r-oldrel-macos-arm64 | 1.0.1 | 20.00 | NOTE | |||
r-oldrel-macos-x86_64 | 1.0.1 | 35.00 | NOTE | |||
r-oldrel-windows-x86_64 | 1.0.1 | 7.00 | 62.00 | 69.00 | NOTE |
Version: 1.0.1
Check: LazyData
Result: NOTE
'LazyData' is specified without a 'data' directory
Flavors: r-devel-linux-x86_64-debian-clang, r-devel-linux-x86_64-debian-gcc, r-devel-linux-x86_64-fedora-clang, r-devel-linux-x86_64-fedora-gcc, r-devel-windows-x86_64, r-patched-linux-x86_64, r-release-linux-x86_64, r-release-macos-arm64, r-release-macos-x86_64, r-release-windows-x86_64, r-oldrel-macos-arm64, r-oldrel-macos-x86_64, r-oldrel-windows-x86_64