Last updated on 2022-07-01 11:52:04 CEST.
Flavor | Version | Tinstall | Tcheck | Ttotal | Status | Flags |
---|---|---|---|---|---|---|
r-devel-linux-x86_64-debian-clang | 1.0.8 | 43.99 | 319.37 | 363.36 | OK | |
r-devel-linux-x86_64-debian-gcc | 1.0.8 | 31.14 | 221.93 | 253.07 | OK | |
r-devel-linux-x86_64-fedora-clang | 1.0.8 | 430.85 | WARN | |||
r-devel-linux-x86_64-fedora-gcc | 1.0.8 | 425.85 | WARN | |||
r-devel-windows-x86_64 | 1.0.8 | 95.00 | 348.00 | 443.00 | OK | |
r-patched-linux-x86_64 | 1.0.8 | 38.45 | 294.60 | 333.05 | OK | |
r-release-linux-x86_64 | 1.0.8 | 36.93 | 298.83 | 335.76 | OK | |
r-release-macos-arm64 | 1.0.8 | 100.00 | OK | |||
r-release-macos-x86_64 | 1.0.8 | 158.00 | OK | |||
r-release-windows-x86_64 | 1.0.8 | 766.00 | 340.00 | 1106.00 | OK | |
r-oldrel-macos-arm64 | 1.0.8 | 110.00 | OK | |||
r-oldrel-macos-x86_64 | 1.0.8 | 122.00 | OK | |||
r-oldrel-windows-ix86+x86_64 | 1.0.8 | 107.00 | 457.00 | 564.00 | OK |
Version: 1.0.8
Check: package dependencies
Result: WARN
Requires orphaned package: ‘gtools’
Flavors: r-devel-linux-x86_64-fedora-clang, r-devel-linux-x86_64-fedora-gcc