Last updated on 2023-11-28 13:50:59 CET.
Flavor | Version | Tinstall | Tcheck | Ttotal | Status | Flags |
---|---|---|---|---|---|---|
r-devel-linux-x86_64-debian-clang | 1.0.1 | 2.58 | 36.84 | 39.42 | NOTE | |
r-devel-linux-x86_64-debian-gcc | 1.0.1 | 2.21 | 27.88 | 30.09 | NOTE | |
r-devel-linux-x86_64-fedora-clang | 1.0.1 | 53.23 | NOTE | |||
r-devel-linux-x86_64-fedora-gcc | 1.0.1 | 60.63 | NOTE | |||
r-devel-windows-x86_64 | 1.0.1 | 4.00 | 64.00 | 68.00 | NOTE | |
r-patched-linux-x86_64 | 1.0.1 | 2.00 | 36.01 | 38.01 | NOTE | |
r-release-linux-x86_64 | 1.0.1 | 1.72 | 35.33 | 37.05 | NOTE | |
r-release-macos-arm64 | 1.0.1 | 28.00 | NOTE | |||
r-release-macos-x86_64 | 1.0.1 | 41.00 | NOTE | |||
r-release-windows-x86_64 | 1.0.1 | 5.00 | 69.00 | 74.00 | NOTE | |
r-oldrel-macos-arm64 | 1.0.1 | 23.00 | NOTE | |||
r-oldrel-macos-x86_64 | 1.0.1 | 38.00 | NOTE | |||
r-oldrel-windows-x86_64 | 1.0.1 | 5.00 | 70.00 | 75.00 | NOTE |
Version: 1.0.1
Check: LazyData
Result: NOTE
'LazyData' is specified without a 'data' directory
Flavors: r-devel-linux-x86_64-debian-clang, r-devel-linux-x86_64-debian-gcc, r-devel-linux-x86_64-fedora-clang, r-devel-linux-x86_64-fedora-gcc, r-devel-windows-x86_64, r-patched-linux-x86_64, r-release-linux-x86_64, r-release-macos-arm64, r-release-macos-x86_64, r-release-windows-x86_64, r-oldrel-macos-arm64, r-oldrel-macos-x86_64, r-oldrel-windows-x86_64
Version: 1.0.1
Check: dependencies in R code
Result: NOTE
Namespaces in Imports field not imported from:
‘DT’ ‘ggiraph’ ‘ggplot2’ ‘grid’ ‘gtools’ ‘scales’ ‘shinyBS’
‘shinyWidgets’ ‘tidyr’
All declared Imports should be used.
Flavors: r-devel-linux-x86_64-fedora-clang, r-devel-linux-x86_64-fedora-gcc, r-oldrel-macos-arm64, r-oldrel-macos-x86_64