CRAN Package Check Results for Package micompr

Last updated on 2025-05-12 13:50:19 CEST.

Flavor Version Tinstall Tcheck Ttotal Status Flags
r-devel-linux-x86_64-debian-clang 1.1.4 3.22 87.89 91.11 OK
r-devel-linux-x86_64-debian-gcc 1.1.4 2.79 62.41 65.20 OK
r-devel-linux-x86_64-fedora-clang 1.1.4 141.53 OK
r-devel-linux-x86_64-fedora-gcc 1.1.4 160.60 OK
r-devel-windows-x86_64 1.1.4 4.00 0.00 4.00 FAIL
r-patched-linux-x86_64 1.1.4 4.41 82.75 87.16 OK
r-release-linux-x86_64 1.1.4 3.27 82.74 86.01 OK
r-release-macos-arm64 1.1.4 64.00 OK
r-release-macos-x86_64 1.1.4 114.00 OK
r-release-windows-x86_64 1.1.4 4.00 140.00 144.00 OK
r-oldrel-macos-arm64 1.1.4 54.00 OK
r-oldrel-macos-x86_64 1.1.4 140.00 OK
r-oldrel-windows-x86_64 1.1.4 4.00 157.00 161.00 OK

Check Details

Version: 1.1.4
Check: re-building of vignette outputs
Result: FAIL Check process probably crashed or hung up for 20 minutes ... killed Most likely this happened in the example checks (?), if not, ignore the following last lines of example output: \hline \multirow{5}{*}{NLOKvsJEXDIFF} & $\#$PCs (80\% var.) & 1 & 1 & 2 & 1\\ & MNV (80\% var.) & NA & NA & \uuline{5e-14} & NA\\ & Par. test (PC1) & \uuline{7e-17} & \uuline{7e-11} & \uuline{2e-15} & \uuline{2e-09}\\ & Non-par. test (PC1) & \uuline{1e-05} & \uuline{1e-05} & \uuline{1e-05} & \uuline{1e-05}\\ & PCS & \raisebox{-.5\height}{\resizebox {1.2cm} {1.2cm} { \begin{tikzpicture}[scale=6] \path (-1.2,-1.2) (1.2,1.2);\draw[very thin,color=gray] (0,1.1)--(0,-1.1); \draw[very thin,color=gray] (1.1,0)--(-1.1,0); \path plot[mark=square*,mark options={color=red},mark size=0.8pt] coordinates { (-0.790,0.119) (-0.706,-0.063) (-0.532,-0.181) (-0.734,-0.070) (-0.972,0.116) (-0.814,0.038) (-0.931,0.065) (-0.838,0.019) (-0.822,-0.049) (-0.780,-0.093)}; \path plot[mark=diamond*,mark options={color=black},mark size=1pt] coordinates { (0.758,-0.017) (0.666,0.171) (0.693,-0.099) (0.741,0.108) (0.787,0.084) (1.000,-0.174) (0.868,0.023) (0.663,0.059) (0.918,-0.094) (0.825,0.037)}; \end{tikzpicture} }} & \raisebox{-.5\height}{\resizebox {1.2cm} {1.2cm} { \begin{tikzpicture}[scale=6] \path (-1.2,-1.2) (1.2,1.2);\draw[very thin,color=gray] (0,1.1)--(0,-1.1); \draw[very thin,color=gray] (1.1,0)--(-1.1,0); \path plot[mark=square*,mark options={color=red},mark size=0.8pt] coordinates { (-0.439,0.017) (-0.801,0.005) (-1.000,-0.099) (-0.730,-0.016) (-0.311,0.027) (-0.562,0.050) (-0.466,0.078) (-0.552,0.042) (-0.581,-0.034) (-0.724,0.015)}; \path plot[mark=diamond*,mark options={color=black},mark size=1pt] coordinates { (0.606,0.043) (0.919,-0.036) (0.507,0.006) (0.881,0.003) (0.761,0.000) (0.318,-0.129) (0.503,0.011) (0.704,0.053) (0.344,-0.036) (0.624,-0.002)}; \end{tikzpicture} }} & \raisebox{-.5\height}{\resizebox {1.2cm} {1.2cm} { \begin{tikzpicture}[scale=6] \path (-1.2,-1.2) (1.2,1.2);\draw[very thin,color=gray] (0,1.1)--(0,-1.1); \draw[very thin,color=gray] (1.1,0)--(-1.1,0); \path plot[mark=square*,mark options={color=red},mark size=0.8pt] coordinates { (-0.565,0.174) (-0.851,-0.292) (-0.758,-0.905) (-0.881,-0.239) (-0.868,0.604) (-0.832,0.079) (-0.891,0.463) (-0.822,0.157) (-0.929,0.075) (-0.994,-0.089)}; \path plot[mark=diamond*,mark options={color=black},mark size=1pt] coordinates { (0.764,0.006) (0.992,0.457) (0.451,0.182) (1.000,0.195) (0.994,0.015) (0.738,-0.685) (0.957,-0.184) (0.774,0.373) (0.760,-0.395) (0.961,0.010)}; \end{tikzpicture} }} & \raisebox{-.5\height}{\resizebox {1.2cm} {1.2cm} { \begin{tikzpicture}[scale=6] \path (-1.2,-1.2) (1.2,1.2);\draw[very thin,color=gray] (0,1.1)--(0,-1.1); \draw[very thin,color=gray] (1.1,0)--(-1.1,0); \path plot[mark=square*,mark options={color=red},mark size=0.8pt] coordinates { (-0.776,0.027) (-0.977,0.042) (-0.850,0.185) (-0.927,-0.038) (-0.509,0.016) (-0.603,0.118) (-0.542,-0.127) (-0.197,0.005) (-0.127,-0.235) (-0.523,-0.163)}; \path plot[mark=diamond*,mark options={color=black},mark size=1pt] coordinates { (0.573,-0.084) (0.364,-0.008) (0.704,-0.001) (0.691,-0.251) (0.567,-0.033) (0.542,0.126) (0.734,0.035) (0.387,-0.025) (0.469,0.320) (1.000,0.091)}; \end{tikzpicture} }}\\ \hline \end{tabular} \end{center} \end{table} > > > > > ### * <FOOTER> > ### > cleanEx() > options(digits = 7L) > base::cat("Time elapsed: ", proc.time() - base::get("ptime", pos = 'CheckExEnv'),"\n") Time elapsed: 6.56 0.22 6.8 NA NA > grDevices::dev.off() null device 1 > ### > ### Local variables: *** > ### mode: outline-minor *** > ### outline-regexp: "\\(> \\)?### [*]+" *** > ### End: *** > quit('no') ======== End of example output (where/before crash/hang up occured ?) ======== Flavor: r-devel-windows-x86_64