Last updated on 2023-11-28 13:50:59 CET.
Flavor | Version | Tinstall | Tcheck | Ttotal | Status | Flags |
---|---|---|---|---|---|---|
r-devel-linux-x86_64-debian-clang | 0.8.2 | 111.75 | 92.31 | 204.06 | NOTE | |
r-devel-linux-x86_64-debian-gcc | 0.8.2 | 87.59 | 62.68 | 150.27 | NOTE | |
r-devel-linux-x86_64-fedora-clang | 0.8.2 | 315.19 | NOTE | |||
r-devel-linux-x86_64-fedora-gcc | 0.8.2 | 307.83 | NOTE | |||
r-devel-windows-x86_64 | 0.8.2 | 91.00 | 102.00 | 193.00 | NOTE | |
r-patched-linux-x86_64 | 0.8.2 | 104.56 | 80.38 | 184.94 | NOTE | |
r-release-linux-x86_64 | 0.8.2 | 104.65 | 80.70 | 185.35 | NOTE | |
r-release-macos-arm64 | 0.8.2 | 73.00 | NOTE | |||
r-release-macos-x86_64 | 0.8.2 | 135.00 | NOTE | |||
r-release-windows-x86_64 | 0.8.2 | 117.00 | 127.00 | 244.00 | NOTE | |
r-oldrel-macos-arm64 | 0.8.2 | 78.00 | NOTE | |||
r-oldrel-macos-x86_64 | 0.8.2 | 89.00 | NOTE | |||
r-oldrel-windows-x86_64 | 0.8.2 | 113.00 | 121.00 | 234.00 | OK |
Version: 0.8.2
Check: C++ specification
Result: NOTE
Specified C++11: please drop specification unless essential
Flavors: r-devel-linux-x86_64-debian-clang, r-devel-linux-x86_64-debian-gcc, r-devel-linux-x86_64-fedora-clang, r-devel-linux-x86_64-fedora-gcc, r-devel-windows-x86_64, r-patched-linux-x86_64, r-release-linux-x86_64, r-release-macos-arm64, r-release-macos-x86_64, r-release-windows-x86_64
Version: 0.8.2
Check: Rd files
Result: NOTE
checkRd: (-1) VIF.Rd:47: Lost braces; missing escapes or markup?
47 | vif_corrected = vif_basic^{(1/(2*df))}
| ^
Flavors: r-devel-linux-x86_64-debian-clang, r-devel-linux-x86_64-debian-gcc
Version: 0.8.2
Check: installed package size
Result: NOTE
installed size is 9.8Mb
sub-directories of 1Mb or more:
libs 8.6Mb
Flavors: r-release-macos-arm64, r-release-macos-x86_64, r-oldrel-macos-arm64, r-oldrel-macos-x86_64