CRAN Package Check Results for Package miceFast

Last updated on 2024-07-20 11:49:13 CEST.

Flavor Version Tinstall Tcheck Ttotal Status Flags
r-devel-linux-x86_64-debian-clang 0.8.2 107.56 92.86 200.42 NOTE
r-devel-linux-x86_64-debian-gcc 0.8.2 75.00 67.77 142.77 NOTE
r-devel-linux-x86_64-fedora-clang 0.8.2 305.90 NOTE
r-devel-linux-x86_64-fedora-gcc 0.8.2 338.64 NOTE
r-devel-windows-x86_64 0.8.2 83.00 111.00 194.00 NOTE
r-patched-linux-x86_64 0.8.2 111.66 88.68 200.34 NOTE
r-release-linux-x86_64 0.8.2 111.35 87.70 199.05 NOTE
r-release-macos-arm64 0.8.2 65.00 NOTE
r-release-macos-x86_64 0.8.2 90.00 NOTE
r-release-windows-x86_64 0.8.2 96.00 100.00 196.00 NOTE
r-oldrel-macos-arm64 0.8.2 73.00 NOTE
r-oldrel-macos-x86_64 0.8.2 135.00 NOTE
r-oldrel-windows-x86_64 0.8.2 118.00 127.00 245.00 NOTE

Check Details

Version: 0.8.2
Check: C++ specification
Result: NOTE Specified C++11: please drop specification unless essential Flavors: r-devel-linux-x86_64-debian-clang, r-devel-linux-x86_64-debian-gcc, r-devel-linux-x86_64-fedora-clang, r-devel-linux-x86_64-fedora-gcc, r-devel-windows-x86_64, r-patched-linux-x86_64, r-release-linux-x86_64, r-release-macos-arm64, r-release-macos-x86_64, r-release-windows-x86_64, r-oldrel-macos-arm64, r-oldrel-macos-x86_64, r-oldrel-windows-x86_64

Version: 0.8.2
Check: Rd files
Result: NOTE checkRd: (-1) VIF.Rd:47: Lost braces; missing escapes or markup? 47 | vif_corrected = vif_basic^{(1/(2*df))} | ^ Flavors: r-devel-linux-x86_64-debian-clang, r-devel-linux-x86_64-debian-gcc, r-devel-linux-x86_64-fedora-clang, r-devel-linux-x86_64-fedora-gcc, r-devel-windows-x86_64, r-patched-linux-x86_64, r-release-linux-x86_64, r-release-macos-arm64, r-release-macos-x86_64, r-release-windows-x86_64

Version: 0.8.2
Check: Rd cross-references
Result: NOTE Found the following Rd file(s) with Rd \link{} targets missing package anchors: Rcpp_corrData-class.Rd: C++Object-class Rcpp_miceFast-class.Rd: C++Object-class Please provide package anchors for all Rd \link{} targets not in the package itself and the base packages. Flavor: r-devel-windows-x86_64

Version: 0.8.2
Check: installed package size
Result: NOTE installed size is 9.1Mb sub-directories of 1Mb or more: libs 8.0Mb Flavors: r-release-macos-arm64, r-release-macos-x86_64, r-oldrel-macos-arm64, r-oldrel-macos-x86_64