Last updated on 2025-02-10 11:49:22 CET.
Flavor | Version | Tinstall | Tcheck | Ttotal | Status | Flags |
---|---|---|---|---|---|---|
r-devel-linux-x86_64-debian-clang | 2.1 | 28.73 | 256.49 | 285.22 | OK | |
r-devel-linux-x86_64-debian-gcc | 2.1 | 20.25 | 184.77 | 205.02 | OK | |
r-devel-linux-x86_64-fedora-clang | 2.1 | 455.10 | OK | |||
r-devel-linux-x86_64-fedora-gcc | 2.1 | 433.84 | OK | |||
r-devel-windows-x86_64 | 2.1 | 26.00 | 225.00 | 251.00 | WARN | |
r-patched-linux-x86_64 | 2.1 | 23.42 | 231.45 | 254.87 | OK | |
r-release-linux-x86_64 | 2.1 | 23.26 | 232.41 | 255.67 | OK | |
r-release-macos-arm64 | 2.1 | 113.00 | OK | |||
r-release-macos-x86_64 | 2.1 | 176.00 | OK | |||
r-release-windows-x86_64 | 2.1 | 23.00 | 227.00 | 250.00 | OK | |
r-oldrel-macos-arm64 | 2.1 | 141.00 | OK | |||
r-oldrel-macos-x86_64 | 2.1 | 405.00 | OK | |||
r-oldrel-windows-x86_64 | 2.1 | 26.00 | 274.00 | 300.00 | OK |
Version: 2.1
Check: whether package can be installed
Result: WARN
Found the following significant warnings:
Warning: multiple methods tables found for 'union'
Flavor: r-devel-windows-x86_64