Last updated on 2024-03-28 09:51:48 CET.
Flavor | Version | Tinstall | Tcheck | Ttotal | Status | Flags |
---|---|---|---|---|---|---|
r-devel-linux-x86_64-debian-clang | 1.3.3 | 4.84 | 116.24 | 121.08 | NOTE | |
r-devel-linux-x86_64-debian-gcc | 1.3.3 | 4.80 | 83.80 | 88.60 | NOTE | |
r-devel-linux-x86_64-fedora-clang | 1.3.3 | 146.26 | NOTE | |||
r-devel-linux-x86_64-fedora-gcc | 1.3.3 | 153.52 | NOTE | |||
r-devel-windows-x86_64 | 1.3.3 | 7.00 | 106.00 | 113.00 | NOTE | |
r-patched-linux-x86_64 | 1.3.3 | 5.81 | 110.54 | 116.35 | NOTE | |
r-release-linux-x86_64 | 1.3.3 | 6.31 | 107.72 | 114.03 | NOTE | |
r-release-macos-arm64 | 1.3.3 | 49.00 | NOTE | |||
r-release-macos-x86_64 | 1.3.3 | 105.00 | NOTE | |||
r-release-windows-x86_64 | 1.3.3 | 9.00 | 125.00 | 134.00 | NOTE | |
r-oldrel-macos-arm64 | 1.3.3 | 47.00 | NOTE | |||
r-oldrel-windows-x86_64 | 1.3.3 | 8.00 | 132.00 | 140.00 | NOTE |
Version: 1.3.3
Check: LazyData
Result: NOTE
'LazyData' is specified without a 'data' directory
Flavors: r-devel-linux-x86_64-debian-clang, r-devel-linux-x86_64-debian-gcc, r-devel-linux-x86_64-fedora-clang, r-devel-linux-x86_64-fedora-gcc, r-devel-windows-x86_64, r-patched-linux-x86_64, r-release-linux-x86_64, r-release-macos-arm64, r-release-macos-x86_64, r-release-windows-x86_64, r-oldrel-macos-arm64, r-oldrel-windows-x86_64