CRAN Package Check Results for Package mhcnuggetsr

Last updated on 2022-07-01 11:52:04 CEST.

Flavor Version Tinstall Tcheck Ttotal Status Flags
r-devel-linux-x86_64-debian-clang 1.1 3.11 100.36 103.47 NOTE
r-devel-linux-x86_64-debian-gcc 1.1 2.43 76.21 78.64 NOTE
r-devel-linux-x86_64-fedora-clang 1.1 138.41 NOTE
r-devel-linux-x86_64-fedora-gcc 1.1 135.97 NOTE
r-devel-windows-x86_64 1.1 48.00 240.00 288.00 NOTE
r-patched-linux-x86_64 1.1 3.83 95.94 99.77 NOTE
r-release-linux-x86_64 1.1 2.42 96.65 99.07 NOTE
r-release-macos-arm64 1.1 23.00 NOTE
r-release-macos-x86_64 1.1 54.00 NOTE
r-release-windows-x86_64 1.1 51.00 207.00 258.00 NOTE
r-oldrel-macos-arm64 1.1 26.00 NOTE
r-oldrel-macos-x86_64 1.1 35.00 NOTE
r-oldrel-windows-ix86+x86_64 1.1 7.00 144.00 151.00 NOTE

Check Details

Version: 1.1
Check: LazyData
Result: NOTE
     'LazyData' is specified without a 'data' directory
Flavors: r-devel-linux-x86_64-debian-clang, r-devel-linux-x86_64-debian-gcc, r-devel-linux-x86_64-fedora-clang, r-devel-linux-x86_64-fedora-gcc, r-devel-windows-x86_64, r-patched-linux-x86_64, r-release-linux-x86_64, r-release-macos-arm64, r-release-macos-x86_64, r-release-windows-x86_64, r-oldrel-macos-arm64, r-oldrel-macos-x86_64, r-oldrel-windows-ix86+x86_64