Last updated on 2025-05-14 11:50:37 CEST.
Flavor | Version | Tinstall | Tcheck | Ttotal | Status | Flags |
---|---|---|---|---|---|---|
r-devel-linux-x86_64-debian-clang | 0.2.0 | 7.31 | 67.23 | 74.54 | NOTE | |
r-devel-linux-x86_64-debian-gcc | 0.2.0 | 4.74 | 52.58 | 57.32 | NOTE | |
r-devel-linux-x86_64-fedora-clang | 0.2.0 | 114.97 | OK | |||
r-devel-linux-x86_64-fedora-gcc | 0.2.0 | 131.80 | OK | |||
r-devel-windows-x86_64 | 0.2.0 | 8.00 | 77.00 | 85.00 | OK | |
r-patched-linux-x86_64 | 0.2.0 | 7.78 | 64.25 | 72.03 | OK | |
r-release-linux-x86_64 | 0.2.0 | 6.60 | 64.40 | 71.00 | OK | |
r-release-macos-arm64 | 0.2.0 | 51.00 | OK | |||
r-release-macos-x86_64 | 0.2.0 | 105.00 | OK | |||
r-release-windows-x86_64 | 0.2.0 | 8.00 | 78.00 | 86.00 | OK | |
r-oldrel-macos-arm64 | 0.2.0 | 43.00 | OK | |||
r-oldrel-macos-x86_64 | 0.2.0 | 81.00 | OK | |||
r-oldrel-windows-x86_64 | 0.2.0 | 10.00 | 94.00 | 104.00 | OK |
Version: 0.2.0
Check: CRAN incoming feasibility
Result: NOTE
Maintainer: ‘Nathan Carr <nathan.carr@maxar.com>’
No Authors@R field in DESCRIPTION.
Please add one, modifying
Authors@R: person(given = "Nathan",
family = "Carr",
role = c("aut", "cre"),
email = "nathan.carr@maxar.com")
as necessary.
Flavors: r-devel-linux-x86_64-debian-clang, r-devel-linux-x86_64-debian-gcc